CRAN Package Check Results for Package bayesTFR

Last updated on 2020-07-12 03:48:39 CEST.

Flavor Version Tinstall Tcheck Ttotal Status Flags
r-devel-linux-x86_64-debian-clang 6.4-0 15.12 84.89 100.01 OK
r-devel-linux-x86_64-debian-gcc 6.4-0 12.48 64.30 76.78 OK
r-devel-linux-x86_64-fedora-clang 6.4-0 125.63 NOTE
r-devel-linux-x86_64-fedora-gcc 6.4-0 118.89 OK
r-devel-windows-ix86+x86_64 6.4-0 41.00 126.00 167.00 OK
r-patched-linux-x86_64 6.4-0 13.95 84.53 98.48 OK
r-patched-solaris-x86 6.4-0 152.80 OK
r-release-linux-x86_64 6.4-0 13.56 83.84 97.40 OK
r-release-macos-x86_64 6.4-0 NOTE
r-release-windows-ix86+x86_64 6.4-0 44.00 162.00 206.00 OK
r-oldrel-macos-x86_64 6.4-0 NOTE
r-oldrel-windows-ix86+x86_64 6.4-0 44.00 126.00 170.00 OK

Check Details

Version: 6.4-0
Check: installed package size
Result: NOTE
     installed size is 6.0Mb
     sub-directories of 1Mb or more:
     ex-data 4.7Mb
Flavors: r-devel-linux-x86_64-fedora-clang, r-release-macos-x86_64, r-oldrel-macos-x86_64