CRAN Package Check Results for Package bayesTFR

Last updated on 2019-12-16 02:46:32 CET.

Flavor Version Tinstall Tcheck Ttotal Status Flags
r-devel-linux-x86_64-debian-clang 6.4-0 15.14 79.50 94.64 OK
r-devel-linux-x86_64-debian-gcc 6.4-0 11.65 60.85 72.50 OK
r-devel-linux-x86_64-fedora-clang 6.4-0 111.70 NOTE
r-devel-linux-x86_64-fedora-gcc 6.4-0 113.38 OK
r-devel-windows-ix86+x86_64 6.4-0 32.00 162.00 194.00 OK
r-devel-windows-ix86+x86_64-gcc8 6.4-0 33.00 158.00 191.00 OK
r-patched-linux-x86_64 6.4-0 12.90 73.34 86.24 OK
r-patched-solaris-x86 6.4-0 134.50 OK
r-release-linux-x86_64 6.4-0 13.89 72.33 86.22 OK
r-release-windows-ix86+x86_64 6.4-0 29.00 103.00 132.00 OK
r-release-osx-x86_64 6.4-0 NOTE
r-oldrel-windows-ix86+x86_64 6.4-0 26.00 97.00 123.00 OK
r-oldrel-osx-x86_64 6.4-0 NOTE

Check Details

Version: 6.4-0
Check: installed package size
Result: NOTE
     installed size is 6.0Mb
     sub-directories of 1Mb or more:
     ex-data 4.7Mb
Flavors: r-devel-linux-x86_64-fedora-clang, r-release-osx-x86_64, r-oldrel-osx-x86_64