CRAN Package Check Results for Package bbo

Last updated on 2020-01-19 02:48:49 CET.

Flavor Version Tinstall Tcheck Ttotal Status Flags
r-devel-linux-x86_64-debian-clang 0.2 2.25 22.73 24.98 NOTE
r-devel-linux-x86_64-debian-gcc 0.2 1.69 18.66 20.35 NOTE
r-devel-linux-x86_64-fedora-clang 0.2 32.96 NOTE
r-devel-linux-x86_64-fedora-gcc 0.2 32.06 NOTE
r-devel-windows-ix86+x86_64 0.2 9.00 38.00 47.00 NOTE
r-devel-windows-ix86+x86_64-gcc8 0.2 5.00 48.00 53.00 NOTE
r-patched-linux-x86_64 0.2 1.68 21.59 23.27 NOTE
r-patched-solaris-x86 0.2 42.70 NOTE
r-release-linux-x86_64 0.2 1.56 21.52 23.08 NOTE
r-release-windows-ix86+x86_64 0.2 4.00 50.00 54.00 NOTE
r-release-osx-x86_64 0.2 NOTE
r-oldrel-windows-ix86+x86_64 0.2 2.00 39.00 41.00 NOTE
r-oldrel-osx-x86_64 0.2 NOTE

Check Details

Version: 0.2
Check: R code for possible problems
Result: NOTE
    bbo: no visible global function definition for 'runif'
    bbo: no visible global function definition for 'tail'
    plot.bbo: no visible global function definition for 'plot'
    Undefined global functions or variables:
     plot runif tail
    Consider adding
     importFrom("graphics", "plot")
     importFrom("stats", "runif")
     importFrom("utils", "tail")
    to your NAMESPACE file.
Flavors: r-devel-linux-x86_64-debian-clang, r-devel-linux-x86_64-debian-gcc, r-devel-linux-x86_64-fedora-clang, r-devel-linux-x86_64-fedora-gcc, r-devel-windows-ix86+x86_64, r-devel-windows-ix86+x86_64-gcc8, r-patched-linux-x86_64, r-patched-solaris-x86, r-release-linux-x86_64, r-release-windows-ix86+x86_64, r-release-osx-x86_64, r-oldrel-windows-ix86+x86_64, r-oldrel-osx-x86_64