CRAN Package Check Results for Package bcROCsurface

Last updated on 2020-08-15 03:47:58 CEST.

Flavor Version Tinstall Tcheck Ttotal Status Flags
r-devel-linux-x86_64-debian-clang 1.0-4 43.57 105.25 148.82 OK
r-devel-linux-x86_64-debian-gcc 1.0-4 32.79 82.35 115.14 OK
r-devel-linux-x86_64-fedora-clang 1.0-4 198.66 OK
r-devel-linux-x86_64-fedora-gcc 1.0-4 181.13 OK
r-devel-windows-ix86+x86_64 1.0-4 132.00 145.00 277.00 OK
r-patched-linux-x86_64 1.0-4 34.62 101.95 136.57 OK
r-patched-solaris-x86 1.0-4 187.50 OK
r-release-linux-x86_64 1.0-4 37.10 101.60 138.70 OK
r-release-macos-x86_64 1.0-4 OK
r-release-windows-ix86+x86_64 1.0-4 111.00 154.00 265.00 OK
r-oldrel-macos-x86_64 1.0-4 WARN
r-oldrel-windows-ix86+x86_64 1.0-4 87.00 145.00 232.00 OK

Check Details

Version: 1.0-4
Check: whether package can be installed
Result: WARN
    Found the following significant warnings:
     Warning: 'rgl_init' failed, running with rgl.useNULL = TRUE
Flavor: r-oldrel-macos-x86_64

Version: 1.0-4
Check: dependencies in R code
Result: NOTE
    No protocol specified
Flavor: r-oldrel-macos-x86_64

Version: 1.0-4
Check: S3 generic/method consistency
Result: WARN
    No protocol specified
    See section ‘Generic functions and methods’ in the ‘Writing R
    Extensions’ manual.
Flavor: r-oldrel-macos-x86_64

Version: 1.0-4
Check: replacement functions
Result: WARN
    No protocol specified
    The argument of a replacement function which corresponds to the right
    hand side must be named ‘value’.
Flavor: r-oldrel-macos-x86_64

Version: 1.0-4
Check: foreign function calls
Result: NOTE
    No protocol specified
    See chapter ‘System and foreign language interfaces’ in the ‘Writing R
    Extensions’ manual.
Flavor: r-oldrel-macos-x86_64

Version: 1.0-4
Check: R code for possible problems
Result: NOTE
    No protocol specified
Flavor: r-oldrel-macos-x86_64

Version: 1.0-4
Check: for missing documentation entries
Result: WARN
    No protocol specified
    All user-level objects in a package should have documentation entries.
    See chapter ‘Writing R documentation files’ in the ‘Writing R
    Extensions’ manual.
Flavor: r-oldrel-macos-x86_64

Version: 1.0-4
Check: for code/documentation mismatches
Result: WARN
    No protocol specified
    No protocol specified
    No protocol specified
Flavor: r-oldrel-macos-x86_64

Version: 1.0-4
Check: Rd \usage sections
Result: NOTE
    No protocol specified
    The \usage entries for S3 methods should use the \method markup and not
    their full name.
    See chapter ‘Writing R documentation files’ in the ‘Writing R
    Extensions’ manual.
Flavor: r-oldrel-macos-x86_64