CRAN Package Check Results for Package bdribs

Last updated on 2020-08-14 03:47:35 CEST.

Flavor Version Tinstall Tcheck Ttotal Status Flags
r-devel-linux-x86_64-debian-clang 1.0.4 2.56 25.17 27.73 NOTE
r-devel-linux-x86_64-debian-gcc 1.0.4 2.13 19.81 21.94 NOTE
r-devel-linux-x86_64-fedora-clang 1.0.4 42.29 NOTE
r-devel-linux-x86_64-fedora-gcc 1.0.4 32.30 NOTE
r-devel-windows-ix86+x86_64 1.0.4 10.00 37.00 47.00 OK
r-patched-linux-x86_64 1.0.4 2.53 25.16 27.69 NOTE
r-patched-solaris-x86 1.0.4 64.00 NOTE
r-release-linux-x86_64 1.0.4 2.56 24.94 27.50 NOTE
r-release-macos-x86_64 1.0.4 OK
r-release-windows-ix86+x86_64 1.0.4 8.00 36.00 44.00 OK
r-oldrel-macos-x86_64 1.0.4 OK
r-oldrel-windows-ix86+x86_64 1.0.4 5.00 51.00 56.00 OK

Check Details

Version: 1.0.4
Check: for non-standard things in the check directory
Result: NOTE
    Found the following files/directories:
     'dump.txt'
Flavors: r-devel-linux-x86_64-debian-clang, r-devel-linux-x86_64-debian-gcc, r-devel-linux-x86_64-fedora-clang, r-devel-linux-x86_64-fedora-gcc, r-patched-linux-x86_64, r-patched-solaris-x86, r-release-linux-x86_64