CRAN Package Check Results for Package bdribs

Last updated on 2020-01-19 02:48:49 CET.

Flavor Version Tinstall Tcheck Ttotal Status Flags
r-devel-linux-x86_64-debian-clang 1.0.4 2.31 24.67 26.98 NOTE
r-devel-linux-x86_64-debian-gcc 1.0.4 2.31 19.73 22.04 NOTE
r-devel-linux-x86_64-fedora-clang 1.0.4 33.40 NOTE
r-devel-linux-x86_64-fedora-gcc 1.0.4 32.84 NOTE
r-devel-windows-ix86+x86_64 1.0.4 12.00 38.00 50.00 OK
r-devel-windows-ix86+x86_64-gcc8 1.0.4 8.00 47.00 55.00 OK
r-patched-linux-x86_64 1.0.4 2.19 23.02 25.21 OK
r-patched-solaris-x86 1.0.4 62.40 OK
r-release-linux-x86_64 1.0.4 2.26 23.17 25.43 OK
r-release-windows-ix86+x86_64 1.0.4 10.00 39.00 49.00 OK
r-release-osx-x86_64 1.0.4 OK
r-oldrel-windows-ix86+x86_64 1.0.4 7.00 49.00 56.00 OK
r-oldrel-osx-x86_64 1.0.4 OK

Check Details

Version: 1.0.4
Check: for non-standard things in the check directory
Result: NOTE
    Found the following files/directories:
     'dump.txt'
Flavors: r-devel-linux-x86_64-debian-clang, r-devel-linux-x86_64-debian-gcc, r-devel-linux-x86_64-fedora-clang, r-devel-linux-x86_64-fedora-gcc