CRAN Package Check Results for Package beginr

Last updated on 2020-12-03 14:46:41 CET.

Flavor Version Tinstall Tcheck Ttotal Status Flags
r-devel-linux-x86_64-debian-clang 0.1.7 3.87 24.94 28.81 NOTE
r-devel-linux-x86_64-debian-gcc 0.1.7 3.29 21.24 24.53 NOTE
r-devel-linux-x86_64-fedora-clang 0.1.7 42.06 NOTE
r-devel-linux-x86_64-fedora-gcc 0.1.7 33.16 NOTE
r-devel-windows-ix86+x86_64 0.1.7 6.00 40.00 46.00 OK
r-patched-linux-x86_64 0.1.7 3.89 24.29 28.18 NOTE
r-patched-solaris-x86 0.1.7 48.30 NOTE
r-release-linux-x86_64 0.1.7 3.49 25.60 29.09 NOTE
r-release-macos-x86_64 0.1.7 OK
r-release-windows-ix86+x86_64 0.1.7 5.00 41.00 46.00 OK
r-oldrel-macos-x86_64 0.1.7 OK
r-oldrel-windows-ix86+x86_64 0.1.7 4.00 42.00 46.00 OK

Check Details

Version: 0.1.7
Check: for non-standard things in the check directory
Result: NOTE
    Found the following files/directories:
     'alist.txt' 'rpkg'
Flavors: r-devel-linux-x86_64-debian-clang, r-devel-linux-x86_64-debian-gcc, r-devel-linux-x86_64-fedora-clang, r-devel-linux-x86_64-fedora-gcc, r-patched-linux-x86_64, r-patched-solaris-x86, r-release-linux-x86_64