CRAN Package Check Results for Package bestSDP

Last updated on 2020-05-30 15:48:14 CEST.

Flavor Version Tinstall Tcheck Ttotal Status Flags
r-devel-linux-x86_64-debian-clang 0.1.2 2.82 26.86 29.68 OK
r-devel-linux-x86_64-debian-gcc 0.1.2 2.39 21.05 23.44 OK
r-devel-linux-x86_64-fedora-clang 0.1.2 36.64 NOTE
r-devel-linux-x86_64-fedora-gcc 0.1.2 34.70 NOTE
r-devel-windows-ix86+x86_64 0.1.2 13.00 61.00 74.00 OK
r-patched-linux-x86_64 0.1.2 2.21 26.34 28.55 OK
r-patched-solaris-x86 0.1.2 61.00 NOTE
r-release-linux-x86_64 0.1.2 3.07 26.29 29.36 OK
r-release-osx-x86_64 0.1.2 NOTE
r-release-windows-ix86+x86_64 0.1.2 12.00 57.00 69.00 OK
r-oldrel-osx-x86_64 0.1.2 NOTE
r-oldrel-windows-ix86+x86_64 0.1.2 8.00 40.00 48.00 OK

Check Details

Version: 0.1.2
Check: dependencies in R code
Result: NOTE
    Namespaces in Imports field not imported from:
     ‘DT’ ‘dplyr’ ‘ggplot2’ ‘readxl’ ‘rlist’ ‘shinyBS’ ‘shinyWidgets’
     ‘shinydashboard’ ‘shinyjs’ ‘shinythemes’ ‘stringr’ ‘tidyr’
     All declared Imports should be used.
Flavors: r-devel-linux-x86_64-fedora-clang, r-devel-linux-x86_64-fedora-gcc, r-patched-solaris-x86, r-release-osx-x86_64, r-oldrel-osx-x86_64