CRAN Package Check Results for Package bigMap

Last updated on 2019-09-23 03:48:52 CEST.

Flavor Version Tinstall Tcheck Ttotal Status Flags
r-devel-linux-x86_64-debian-clang 2.1.0 56.61 206.44 263.05 NOTE
r-devel-linux-x86_64-debian-gcc 2.1.0 44.28 156.26 200.54 NOTE
r-devel-linux-x86_64-fedora-clang 2.1.0 324.39 NOTE
r-devel-linux-x86_64-fedora-gcc 2.1.0 327.70 NOTE
r-devel-windows-ix86+x86_64 2.1.0 170.00 248.00 418.00 NOTE
r-patched-linux-x86_64 2.1.0 51.28 208.04 259.32 NOTE
r-patched-solaris-x86 2.1.0 193.50 NOTE
r-release-linux-x86_64 2.1.0 52.02 202.45 254.47 NOTE
r-release-windows-ix86+x86_64 2.1.0 163.00 250.00 413.00 NOTE
r-release-osx-x86_64 2.1.0 NOTE
r-oldrel-windows-ix86+x86_64 2.1.0 118.00 181.00 299.00 NOTE
r-oldrel-osx-x86_64 2.1.0 NOTE

Check Details

Version: 2.1.0
Check: for GNU extensions in Makefiles
Result: NOTE
    GNU make is a SystemRequirements.
Flavors: r-devel-linux-x86_64-debian-clang, r-devel-linux-x86_64-debian-gcc, r-devel-linux-x86_64-fedora-clang, r-devel-linux-x86_64-fedora-gcc, r-devel-windows-ix86+x86_64, r-patched-linux-x86_64, r-patched-solaris-x86, r-release-linux-x86_64, r-release-windows-ix86+x86_64, r-release-osx-x86_64, r-oldrel-windows-ix86+x86_64, r-oldrel-osx-x86_64

Version: 2.1.0
Check: installed package size
Result: NOTE
     installed size is 7.7Mb
     sub-directories of 1Mb or more:
     doc 3.0Mb
     extdata 2.5Mb
     libs 1.9Mb
Flavors: r-devel-linux-x86_64-fedora-clang, r-devel-windows-ix86+x86_64, r-patched-solaris-x86, r-release-windows-ix86+x86_64, r-release-osx-x86_64, r-oldrel-windows-ix86+x86_64, r-oldrel-osx-x86_64

Version: 2.1.0
Check: package dependencies
Result: NOTE
    Package suggested but not available for checking: ‘Rmpi’
Flavors: r-release-osx-x86_64, r-oldrel-osx-x86_64