CRAN Package Check Results for Package bigMap

Last updated on 2020-02-20 20:48:19 CET.

Flavor Version Tinstall Tcheck Ttotal Status Flags
r-devel-linux-x86_64-debian-clang 2.1.0 63.52 216.28 279.80 NOTE
r-devel-linux-x86_64-debian-gcc 2.1.0 44.41 179.90 224.31 NOTE
r-devel-linux-x86_64-fedora-clang 2.1.0 348.45 NOTE
r-devel-linux-x86_64-fedora-gcc 2.1.0 350.09 NOTE
r-devel-windows-ix86+x86_64 2.1.0 117.00 140.00 257.00 NOTE
r-devel-windows-ix86+x86_64-gcc8 2.1.0 205.00 176.00 381.00 NOTE
r-patched-linux-x86_64 2.1.0 51.82 208.81 260.63 NOTE
r-patched-solaris-x86 2.1.0 191.30 NOTE
r-release-linux-x86_64 2.1.0 50.18 202.86 253.04 NOTE
r-release-windows-ix86+x86_64 2.1.0 126.00 131.00 257.00 NOTE
r-release-osx-x86_64 2.1.0 NOTE
r-oldrel-windows-ix86+x86_64 2.1.0 133.00 128.00 261.00 NOTE
r-oldrel-osx-x86_64 2.1.0 NOTE

Check Details

Version: 2.1.0
Check: for GNU extensions in Makefiles
Result: NOTE
    GNU make is a SystemRequirements.
Flavors: r-devel-linux-x86_64-debian-clang, r-devel-linux-x86_64-debian-gcc, r-devel-linux-x86_64-fedora-clang, r-devel-linux-x86_64-fedora-gcc, r-devel-windows-ix86+x86_64, r-devel-windows-ix86+x86_64-gcc8, r-patched-linux-x86_64, r-patched-solaris-x86, r-release-linux-x86_64, r-release-windows-ix86+x86_64, r-release-osx-x86_64, r-oldrel-windows-ix86+x86_64, r-oldrel-osx-x86_64

Version: 2.1.0
Check: installed package size
Result: NOTE
     installed size is 7.7Mb
     sub-directories of 1Mb or more:
     doc 3.0Mb
     extdata 2.5Mb
     libs 2.0Mb
Flavors: r-devel-linux-x86_64-fedora-clang, r-devel-windows-ix86+x86_64, r-devel-windows-ix86+x86_64-gcc8, r-patched-solaris-x86, r-release-windows-ix86+x86_64, r-release-osx-x86_64, r-oldrel-windows-ix86+x86_64, r-oldrel-osx-x86_64

Version: 2.1.0
Check: package dependencies
Result: NOTE
    Package suggested but not available for checking: ‘Rmpi’
Flavors: r-release-osx-x86_64, r-oldrel-osx-x86_64