CRAN Package Check Results for Package biganalytics

Last updated on 2020-06-02 03:47:44 CEST.

Flavor Version Tinstall Tcheck Ttotal Status Flags
r-devel-linux-x86_64-debian-clang 1.1.14 38.35 35.29 73.64 WARN
r-devel-linux-x86_64-debian-gcc 1.1.14 27.11 28.46 55.57 WARN
r-devel-linux-x86_64-fedora-clang 1.1.14 107.66 WARN
r-devel-linux-x86_64-fedora-gcc 1.1.14 89.19 WARN
r-devel-windows-ix86+x86_64 1.1.14 131.00 131.00 262.00 WARN
r-patched-linux-x86_64 1.1.14 31.83 35.37 67.20 OK
r-patched-solaris-x86 1.1.14 101.10 OK
r-release-linux-x86_64 1.1.14 29.50 35.42 64.92 OK
r-release-osx-x86_64 1.1.14 OK
r-release-windows-ix86+x86_64 1.1.14 94.00 96.00 190.00 WARN
r-oldrel-osx-x86_64 1.1.14 OK
r-oldrel-windows-ix86+x86_64 1.1.14 113.00 70.00 183.00 OK

Check Details

Version: 1.1.14
Check: for code/documentation mismatches
Result: WARN
    Codoc mismatches from documentation object 'apply,big.matrix-method':
    \S4method{apply}{big.matrix}
     Code: function(X, MARGIN, FUN, ..., simplify = TRUE)
     Docs: function(X, MARGIN, FUN, ...)
     Argument names in code not in docs:
     simplify
Flavors: r-devel-linux-x86_64-debian-clang, r-devel-linux-x86_64-debian-gcc, r-devel-linux-x86_64-fedora-clang, r-devel-linux-x86_64-fedora-gcc, r-devel-windows-ix86+x86_64

Version: 1.1.14
Check: top-level files
Result: NOTE
     possible bashism in configure line 12 (echo -n):
     echo -n " checking for Sun Studio compiler..."
     possible bashism in configure line 22 (echo -n):
     echo -n " checking for OS..."
Flavors: r-devel-linux-x86_64-fedora-clang, r-devel-linux-x86_64-fedora-gcc

Version: 1.1.14
Check: compiled code
Result: NOTE
    File ‘biganalytics/libs/biganalytics.so’:
     Found no calls to: ‘R_registerRoutines’, ‘R_useDynamicSymbols’
    
    It is good practice to register native routines and to disable symbol
    search.
    
    See ‘Writing portable packages’ in the ‘Writing R Extensions’ manual.
Flavors: r-devel-linux-x86_64-fedora-clang, r-devel-linux-x86_64-fedora-gcc

Version: 1.1.14
Check: whether package can be installed
Result: WARN
    Found the following significant warnings:
     d:/RCompile/CRANpkg/lib/4.1/BH/include/boost/interprocess/detail/win32_api.hpp:151:9: warning: ISO C++ prohibits anonymous structs [-Wpedantic]
     d:/RCompile/CRANpkg/lib/4.1/BH/include/boost/interprocess/detail/win32_api.hpp:159:9: warning: ISO C++ prohibits anonymous structs [-Wpedantic]
     d:/RCompile/CRANpkg/lib/4.1/BH/include/boost/interprocess/detail/win32_api.hpp:184:13: warning: ISO C++ prohibits anonymous structs [-Wpedantic]
     d:/RCompile/CRANpkg/lib/4.1/BH/include/boost/interprocess/detail/win32_api.hpp:186:7: warning: ISO C++ prohibits anonymous structs [-Wpedantic]
Flavor: r-devel-windows-ix86+x86_64

Version: 1.1.14
Check: whether package can be installed
Result: WARN
    Found the following significant warnings:
     d:/RCompile/CRANpkg/lib/4.0/BH/include/boost/interprocess/detail/win32_api.hpp:151:9: warning: ISO C++ prohibits anonymous structs [-Wpedantic]
     d:/RCompile/CRANpkg/lib/4.0/BH/include/boost/interprocess/detail/win32_api.hpp:159:9: warning: ISO C++ prohibits anonymous structs [-Wpedantic]
     d:/RCompile/CRANpkg/lib/4.0/BH/include/boost/interprocess/detail/win32_api.hpp:184:13: warning: ISO C++ prohibits anonymous structs [-Wpedantic]
     d:/RCompile/CRANpkg/lib/4.0/BH/include/boost/interprocess/detail/win32_api.hpp:186:7: warning: ISO C++ prohibits anonymous structs [-Wpedantic]
Flavor: r-release-windows-ix86+x86_64