CRAN Package Check Results for Package biglasso

Last updated on 2020-04-09 03:47:35 CEST.

Flavor Version Tinstall Tcheck Ttotal Status Flags
r-devel-linux-x86_64-debian-clang 1.3-7 238.66 70.31 308.97 OK
r-devel-linux-x86_64-debian-gcc 1.3-7 164.79 56.25 221.04 OK
r-devel-linux-x86_64-fedora-clang 1.3-7 442.04 NOTE
r-devel-linux-x86_64-fedora-gcc 1.3-7 414.68 OK
r-devel-windows-ix86+x86_64 1.3-7 454.00 161.00 615.00 OK
r-devel-windows-ix86+x86_64-gcc8 1.3-7 529.00 133.00 662.00 OK
r-patched-linux-x86_64 1.3-7 194.90 69.04 263.94 OK
r-patched-solaris-x86 1.3-7 380.60 OK
r-release-linux-x86_64 1.3-7 198.85 63.57 262.42 OK
r-release-windows-ix86+x86_64 1.3-7 521.00 168.00 689.00 OK
r-release-osx-x86_64 1.3-7 NOTE
r-oldrel-windows-ix86+x86_64 1.3-7 611.00 9.00 620.00 ERROR
r-oldrel-osx-x86_64 1.3-7 OK

Check Details

Version: 1.3-7
Check: installed package size
Result: NOTE
     installed size is 10.6Mb
     sub-directories of 1Mb or more:
     libs 9.8Mb
Flavors: r-devel-linux-x86_64-fedora-clang, r-release-osx-x86_64

Version: 1.3-7
Check: whether package can be installed
Result: ERROR
    Installation failed.
Flavor: r-oldrel-windows-ix86+x86_64