CRAN Package Check Results for Package bigrquery

Last updated on 2019-09-21 15:46:45 CEST.

Flavor Version Tinstall Tcheck Ttotal Status Flags
r-devel-linux-x86_64-debian-clang 1.2.0 23.17 45.25 68.42 OK
r-devel-linux-x86_64-debian-gcc 1.2.0 20.33 35.73 56.06 OK
r-devel-linux-x86_64-fedora-clang 1.2.0 93.36 OK
r-devel-linux-x86_64-fedora-gcc 1.2.0 88.80 OK
r-devel-windows-ix86+x86_64 1.2.0 73.00 94.00 167.00 OK
r-patched-linux-x86_64 1.2.0 22.71 43.15 65.86 OK
r-patched-solaris-x86 1.2.0 110.90 WARN
r-release-linux-x86_64 1.2.0 22.34 43.88 66.22 OK
r-release-windows-ix86+x86_64 1.2.0 49.00 87.00 136.00 OK
r-release-osx-x86_64 1.2.0 OK
r-oldrel-windows-ix86+x86_64 1.2.0 43.00 81.00 124.00 OK
r-oldrel-osx-x86_64 1.2.0 OK

Check Details

Version: 1.2.0
Check: for unstated dependencies in ‘tests’
Result: WARN
    Warning in deparse(e[[2L]]) :
     it is not known that wchar_t is Unicode on this platform
    Warning in deparse(e[[2L]]) :
     it is not known that wchar_t is Unicode on this platform
Flavor: r-patched-solaris-x86