CRAN Package Check Results for Package bigrquery

Last updated on 2020-02-24 14:47:57 CET.

Flavor Version Tinstall Tcheck Ttotal Status Flags
r-devel-linux-x86_64-debian-clang 1.2.0 24.94 51.87 76.81 OK
r-devel-linux-x86_64-debian-gcc 1.2.0 21.72 39.75 61.47 OK
r-devel-linux-x86_64-fedora-clang 1.2.0 100.40 OK
r-devel-linux-x86_64-fedora-gcc 1.2.0 97.05 OK
r-devel-windows-ix86+x86_64 1.2.0 62.00 92.00 154.00 OK
r-devel-windows-ix86+x86_64-gcc8 1.2.0 93.00 130.00 223.00 OK
r-patched-linux-x86_64 1.2.0 OK
r-patched-solaris-x86 1.2.0 105.20 WARN
r-release-linux-x86_64 1.2.0 23.03 44.86 67.89 OK
r-release-windows-ix86+x86_64 1.2.0 53.00 83.00 136.00 OK
r-release-osx-x86_64 1.2.0 OK
r-oldrel-windows-ix86+x86_64 1.2.0 47.00 86.00 133.00 OK
r-oldrel-osx-x86_64 1.2.0 OK

Check Details

Version: 1.2.0
Check: for unstated dependencies in ‘tests’
Result: WARN
    Warning in deparse(e[[2L]]) :
     it is not known that wchar_t is Unicode on this platform
    Warning in deparse(e[[2L]]) :
     it is not known that wchar_t is Unicode on this platform
Flavor: r-patched-solaris-x86