CRAN Package Check Results for Package bigtime

Last updated on 2021-08-03 03:58:49 CEST.

Flavor Version Tinstall Tcheck Ttotal Status Flags
r-devel-linux-x86_64-debian-clang 0.2.0 77.16 61.12 138.28 OK
r-devel-linux-x86_64-debian-gcc 0.2.0 48.54 46.76 95.30 OK
r-devel-linux-x86_64-fedora-clang 0.2.0 192.94 NOTE
r-devel-linux-x86_64-fedora-gcc 0.2.0 168.99 OK
r-devel-windows-x86_64 0.2.0 82.00 91.00 173.00 OK
r-devel-windows-x86_64-gcc10-UCRT 0.2.0 OK
r-patched-linux-x86_64 0.2.0 47.79 58.95 106.74 OK
r-patched-solaris-x86 0.2.0 176.50 OK
r-release-linux-x86_64 0.2.0 60.91 58.98 119.89 OK
r-release-macos-arm64 0.2.0 NOTE
r-release-macos-x86_64 0.2.0 NOTE
r-release-windows-ix86+x86_64 0.2.0 169.00 98.00 267.00 OK
r-oldrel-macos-x86_64 0.2.0 NOTE
r-oldrel-windows-ix86+x86_64 0.2.0 133.00 131.00 264.00 OK

Check Details

Version: 0.2.0
Check: installed package size
Result: NOTE
     installed size is 5.7Mb
     sub-directories of 1Mb or more:
     help 1.6Mb
     libs 3.9Mb
Flavors: r-devel-linux-x86_64-fedora-clang, r-release-macos-arm64, r-release-macos-x86_64, r-oldrel-macos-x86_64