CRAN Package Check Results for Package bigtime

Last updated on 2019-12-13 02:46:46 CET.

Flavor Version Tinstall Tcheck Ttotal Status Flags
r-devel-linux-x86_64-debian-clang 0.1.0 36.29 54.75 91.04 OK
r-devel-linux-x86_64-debian-gcc 0.1.0 26.89 40.64 67.53 OK
r-devel-linux-x86_64-fedora-clang 0.1.0 117.72 NOTE
r-devel-linux-x86_64-fedora-gcc 0.1.0 113.95 NOTE
r-devel-windows-ix86+x86_64 0.1.0 71.00 143.00 214.00 OK
r-devel-windows-ix86+x86_64-gcc8 0.1.0 76.00 144.00 220.00 OK
r-patched-linux-x86_64 0.1.0 27.48 49.81 77.29 OK
r-patched-solaris-x86 0.1.0 132.30 NOTE
r-release-linux-x86_64 0.1.0 29.84 49.26 79.10 OK
r-release-windows-ix86+x86_64 0.1.0 61.00 95.00 156.00 OK
r-release-osx-x86_64 0.1.0 NOTE
r-oldrel-windows-ix86+x86_64 0.1.0 59.00 96.00 155.00 OK
r-oldrel-osx-x86_64 0.1.0 NOTE

Check Details

Version: 0.1.0
Check: dependencies in R code
Result: NOTE
    Namespaces in Imports field not imported from:
     ‘MASS’ ‘lattice’ ‘zoo’
     All declared Imports should be used.
Flavors: r-devel-linux-x86_64-fedora-clang, r-devel-linux-x86_64-fedora-gcc, r-patched-solaris-x86, r-release-osx-x86_64, r-oldrel-osx-x86_64