CRAN Package Check Results for Package bigtime

Last updated on 2020-07-05 03:47:26 CEST.

Flavor Version Tinstall Tcheck Ttotal Status Flags
r-devel-linux-x86_64-debian-clang 0.1.0 42.35 55.30 97.65 OK
r-devel-linux-x86_64-debian-gcc 0.1.0 29.50 41.36 70.86 OK
r-devel-linux-x86_64-fedora-clang 0.1.0 127.84 NOTE
r-devel-linux-x86_64-fedora-gcc 0.1.0 118.27 NOTE
r-devel-windows-ix86+x86_64 0.1.0 100.00 131.00 231.00 OK
r-patched-linux-x86_64 0.1.0 34.40 54.61 89.01 OK
r-patched-solaris-x86 0.1.0 129.60 NOTE
r-release-linux-x86_64 0.1.0 33.54 54.78 88.32 OK
r-release-osx-x86_64 0.1.0 NOTE
r-release-windows-ix86+x86_64 0.1.0 70.00 101.00 171.00 OK
r-oldrel-osx-x86_64 0.1.0 NOTE
r-oldrel-windows-ix86+x86_64 0.1.0 74.00 132.00 206.00 OK

Check Details

Version: 0.1.0
Check: dependencies in R code
Result: NOTE
    Namespaces in Imports field not imported from:
     ‘MASS’ ‘lattice’ ‘zoo’
     All declared Imports should be used.
Flavors: r-devel-linux-x86_64-fedora-clang, r-devel-linux-x86_64-fedora-gcc, r-patched-solaris-x86, r-release-osx-x86_64, r-oldrel-osx-x86_64