CRAN Package Check Results for Package biomartr

Last updated on 2020-02-27 06:47:48 CET.

Flavor Version Tinstall Tcheck Ttotal Status Flags
r-devel-linux-x86_64-debian-clang 0.9.2 25.72 203.12 228.84 OK
r-devel-linux-x86_64-debian-gcc 0.9.2 20.88 155.55 176.43 OK
r-devel-linux-x86_64-fedora-clang 0.9.2 268.77 NOTE
r-devel-linux-x86_64-fedora-gcc 0.9.2 267.69 NOTE
r-devel-windows-ix86+x86_64 0.9.2 41.00 194.00 235.00 OK
r-devel-windows-ix86+x86_64-gcc8 0.9.2 48.00 209.00 257.00 OK
r-patched-linux-x86_64 0.9.2 20.51 176.54 197.05 OK
r-patched-solaris-x86 0.9.2 347.70 NOTE
r-release-linux-x86_64 0.9.2 20.84 173.36 194.20 OK
r-release-windows-ix86+x86_64 0.9.2 39.00 196.00 235.00 OK
r-release-osx-x86_64 0.9.2 NOTE
r-oldrel-windows-ix86+x86_64 0.9.2 25.00 156.00 181.00 OK
r-oldrel-osx-x86_64 0.9.2 NOTE

Check Details

Version: 0.9.2
Check: dependencies in R code
Result: NOTE
    Namespace in Imports field not imported from: ‘fs’
     All declared Imports should be used.
Flavors: r-devel-linux-x86_64-fedora-clang, r-devel-linux-x86_64-fedora-gcc, r-patched-solaris-x86, r-release-osx-x86_64, r-oldrel-osx-x86_64