CRAN Package Check Results for Package bitops

Last updated on 2019-11-16 14:46:26 CET.

Flavor Version Tinstall Tcheck Ttotal Status Flags
r-devel-linux-x86_64-debian-clang 1.0-6 2.42 18.38 20.80 OK
r-devel-linux-x86_64-debian-gcc 1.0-6 1.76 14.48 16.24 OK
r-devel-linux-x86_64-fedora-clang 1.0-6 26.42 NOTE
r-devel-linux-x86_64-fedora-gcc 1.0-6 25.29 NOTE
r-devel-windows-ix86+x86_64 1.0-6 11.00 36.00 47.00 OK
r-patched-linux-x86_64 1.0-6 1.84 17.63 19.47 OK
r-patched-solaris-x86 1.0-6 40.30 OK
r-release-linux-x86_64 1.0-6 2.00 17.52 19.52 OK
r-release-windows-ix86+x86_64 1.0-6 7.00 46.00 53.00 OK
r-release-osx-x86_64 1.0-6 OK
r-oldrel-windows-ix86+x86_64 1.0-6 7.00 33.00 40.00 OK
r-oldrel-osx-x86_64 1.0-6 OK

Additional issues

clang-UBSAN

Check Details

Version: 1.0-6
Check: compiled code
Result: NOTE
    File ‘bitops/libs/bitops.so’:
     Found no calls to: ‘R_registerRoutines’, ‘R_useDynamicSymbols’
    
    It is good practice to register native routines and to disable symbol
    search.
    
    See ‘Writing portable packages’ in the ‘Writing R Extensions’ manual.
Flavors: r-devel-linux-x86_64-fedora-clang, r-devel-linux-x86_64-fedora-gcc