CRAN Package Check Results for Package bitops

Last updated on 2020-05-27 15:47:07 CEST.

Flavor Version Tinstall Tcheck Ttotal Status Flags
r-devel-linux-x86_64-debian-clang 1.0-6 2.51 19.47 21.98 OK
r-devel-linux-x86_64-debian-gcc 1.0-6 2.00 15.58 17.58 OK
r-devel-linux-x86_64-fedora-clang 1.0-6 27.76 NOTE
r-devel-linux-x86_64-fedora-gcc 1.0-6 26.17 NOTE
r-devel-windows-ix86+x86_64 1.0-6 14.00 47.00 61.00 OK
r-patched-linux-x86_64 1.0-6 2.47 19.17 21.64 OK
r-patched-solaris-x86 1.0-6 41.30 OK
r-release-linux-x86_64 1.0-6 2.24 19.37 21.61 OK
r-release-osx-x86_64 1.0-6 OK
r-release-windows-ix86+x86_64 1.0-6 9.00 36.00 45.00 OK
r-oldrel-osx-x86_64 1.0-6 OK
r-oldrel-windows-ix86+x86_64 1.0-6 7.00 46.00 53.00 OK

Additional issues

clang-UBSAN

Check Details

Version: 1.0-6
Check: compiled code
Result: NOTE
    File ‘bitops/libs/bitops.so’:
     Found no calls to: ‘R_registerRoutines’, ‘R_useDynamicSymbols’
    
    It is good practice to register native routines and to disable symbol
    search.
    
    See ‘Writing portable packages’ in the ‘Writing R Extensions’ manual.
Flavors: r-devel-linux-x86_64-fedora-clang, r-devel-linux-x86_64-fedora-gcc