CRAN Package Check Results for Package bizdays

Last updated on 2020-09-25 03:48:12 CEST.

Flavor Version Tinstall Tcheck Ttotal Status Flags
r-devel-linux-x86_64-debian-clang 1.0.6 5.03 52.74 57.77 OK
r-devel-linux-x86_64-debian-gcc 1.0.6 4.37 39.62 43.99 OK
r-devel-linux-x86_64-fedora-clang 1.0.6 78.17 NOTE
r-devel-linux-x86_64-fedora-gcc 1.0.6 68.58 NOTE
r-devel-windows-ix86+x86_64 1.0.6 13.00 108.00 121.00 OK
r-patched-linux-x86_64 1.0.6 4.81 50.59 55.40 OK
r-patched-solaris-x86 1.0.6 101.40 NOTE
r-release-linux-x86_64 1.0.6 4.52 51.59 56.11 OK
r-release-macos-x86_64 1.0.6 OK
r-release-windows-ix86+x86_64 1.0.6 11.00 149.00 160.00 OK
r-oldrel-macos-x86_64 1.0.6 OK
r-oldrel-windows-ix86+x86_64 1.0.6 32.00 102.00 134.00 OK

Check Details

Version: 1.0.6
Check: package dependencies
Result: NOTE
    Package suggested but not available for checking: ‘RQuantLib’
Flavors: r-devel-linux-x86_64-fedora-clang, r-devel-linux-x86_64-fedora-gcc, r-patched-solaris-x86