CRAN Package Check Results for Package blandr

Last updated on 2020-02-25 02:48:25 CET.

Flavor Version Tinstall Tcheck Ttotal Status Flags
r-devel-linux-x86_64-debian-clang 0.5.1 14.17 56.78 70.95 OK
r-devel-linux-x86_64-debian-gcc 0.5.1 11.41 43.49 54.90 OK
r-devel-linux-x86_64-fedora-clang 0.5.1 87.77 NOTE
r-devel-linux-x86_64-fedora-gcc 0.5.1 85.58 NOTE
r-devel-windows-ix86+x86_64 0.5.1 24.00 61.00 85.00 ERROR
r-devel-windows-ix86+x86_64-gcc8 0.5.1 26.00 103.00 129.00 OK
r-patched-linux-x86_64 0.5.1 14.76 49.69 64.45 OK
r-patched-solaris-x86 0.5.1 113.40 NOTE
r-release-linux-x86_64 0.5.1 12.41 49.83 62.24 OK
r-release-windows-ix86+x86_64 0.5.1 23.00 61.00 84.00 ERROR
r-release-osx-x86_64 0.5.1 NOTE
r-oldrel-windows-ix86+x86_64 0.5.1 19.00 66.00 85.00 ERROR
r-oldrel-osx-x86_64 0.5.1 NOTE

Check Details

Version: 0.5.1
Check: dependencies in R code
Result: NOTE
    Namespaces in Imports field not imported from:
     ‘R6’ ‘knitr’
     All declared Imports should be used.
Flavors: r-devel-linux-x86_64-fedora-clang, r-devel-linux-x86_64-fedora-gcc, r-patched-solaris-x86, r-release-osx-x86_64, r-oldrel-osx-x86_64

Version: 0.5.1
Check: examples
Result: ERROR
    Running examples in 'blandr-Ex.R' failed
    The error most likely occurred in:
    
    > ### Name: blandr.dataset.fibre
    > ### Title: Function to load D'arbela mean velocity of circumferential fibre
    > ### shortening dataset from internet
    > ### Aliases: blandr.dataset.fibre
    >
    > ### ** Examples
    >
    > blandr.dataset.fibre()
    Warning in file(con, "r") :
     InternetOpenUrl failed: 'Die Serververbindung konnte nicht hergestellt werden.'
    Error in file(con, "r") : cannot open the connection
    Calls: blandr.dataset.fibre -> readLines -> file
    Execution halted
Flavors: r-devel-windows-ix86+x86_64, r-release-windows-ix86+x86_64, r-oldrel-windows-ix86+x86_64