CRAN Package Check Results for Package blavaan

Last updated on 2019-09-21 15:46:46 CEST.

Flavor Version Tinstall Tcheck Ttotal Status Flags
r-devel-linux-x86_64-debian-clang 0.3-6 236.11 168.91 405.02 NOTE
r-devel-linux-x86_64-debian-gcc 0.3-6 222.41 133.48 355.89 NOTE
r-devel-linux-x86_64-fedora-clang 0.3-6 582.85 NOTE
r-devel-linux-x86_64-fedora-gcc 0.3-6 572.41 NOTE
r-devel-windows-ix86+x86_64 0.3-6 415.00 350.00 765.00 NOTE
r-patched-linux-x86_64 0.3-6 226.95 168.54 395.49 NOTE
r-patched-solaris-x86 0.3-6 560.40 NOTE
r-release-linux-x86_64 0.3-6 221.22 170.59 391.81 NOTE
r-release-windows-ix86+x86_64 0.3-6 278.00 259.00 537.00 NOTE
r-release-osx-x86_64 0.3-6 NOTE
r-oldrel-windows-ix86+x86_64 0.3-6 276.00 238.00 514.00 NOTE
r-oldrel-osx-x86_64 0.3-6 NOTE

Check Details

Version: 0.3-6
Check: for GNU extensions in Makefiles
Result: NOTE
    GNU make is a SystemRequirements.
Flavors: r-devel-linux-x86_64-debian-clang, r-devel-linux-x86_64-debian-gcc, r-devel-linux-x86_64-fedora-clang, r-devel-linux-x86_64-fedora-gcc, r-devel-windows-ix86+x86_64, r-patched-linux-x86_64, r-patched-solaris-x86, r-release-linux-x86_64, r-release-windows-ix86+x86_64, r-release-osx-x86_64, r-oldrel-windows-ix86+x86_64, r-oldrel-osx-x86_64

Version: 0.3-6
Check: installed package size
Result: NOTE
     installed size is 49.1Mb
     sub-directories of 1Mb or more:
     libs 47.9Mb
Flavors: r-devel-linux-x86_64-fedora-clang, r-devel-windows-ix86+x86_64, r-release-windows-ix86+x86_64, r-release-osx-x86_64, r-oldrel-windows-ix86+x86_64, r-oldrel-osx-x86_64

Version: 0.3-6
Check: package dependencies
Result: NOTE
    Package suggested but not available for checking: ‘modeest’
Flavor: r-release-osx-x86_64