CRAN Package Check Results for Package blink

Last updated on 2019-09-21 03:48:18 CEST.

Flavor Version Tinstall Tcheck Ttotal Status Flags
r-devel-linux-x86_64-debian-clang 0.1.0 9.38 237.63 247.01 NOTE
r-devel-linux-x86_64-debian-gcc 0.1.0 8.39 177.92 186.31 NOTE
r-devel-linux-x86_64-fedora-clang 0.1.0 299.10 NOTE
r-devel-linux-x86_64-fedora-gcc 0.1.0 295.79 NOTE
r-devel-windows-ix86+x86_64 0.1.0 37.00 237.00 274.00 NOTE
r-patched-linux-x86_64 0.1.0 9.83 244.91 254.74 OK
r-patched-solaris-x86 0.1.0 429.80 OK
r-release-linux-x86_64 0.1.0 9.00 239.82 248.82 OK
r-release-windows-ix86+x86_64 0.1.0 27.00 256.00 283.00 OK
r-release-osx-x86_64 0.1.0 OK
r-oldrel-windows-ix86+x86_64 0.1.0 14.00 237.00 251.00 OK
r-oldrel-osx-x86_64 0.1.0 OK

Check Details

Version: 0.1.0
Check: package vignettes
Result: NOTE
    Package vignette with placeholder title 'Vignette Title':
     'introEBLink.Rmd'
Flavors: r-devel-linux-x86_64-debian-clang, r-devel-linux-x86_64-debian-gcc, r-devel-windows-ix86+x86_64

Version: 0.1.0
Check: for non-standard things in the check directory
Result: NOTE
    Found the following files/directories:
     'lambda-20190919-204456.txt'
Flavor: r-devel-linux-x86_64-debian-clang

Version: 0.1.0
Check: for non-standard things in the check directory
Result: NOTE
    Found the following files/directories:
     ‘lambda-20190920-191717.txt’
Flavor: r-devel-linux-x86_64-debian-gcc

Version: 0.1.0
Check: for non-standard things in the check directory
Result: NOTE
    Found the following files/directories:
     ‘lambda-20190914-130125.txt’
Flavor: r-devel-linux-x86_64-fedora-clang

Version: 0.1.0
Check: for non-standard things in the check directory
Result: NOTE
    Found the following files/directories:
     ‘lambda-20190915-172102.txt’
Flavor: r-devel-linux-x86_64-fedora-gcc