CRAN Package Check Results for Package blockcluster

Last updated on 2019-11-19 02:47:54 CET.

Flavor Version Tinstall Tcheck Ttotal Status Flags
r-devel-linux-x86_64-debian-clang 4.4.3 461.49 58.33 519.82 OK
r-devel-linux-x86_64-debian-gcc 4.4.3 363.84 47.12 410.96 OK
r-devel-linux-x86_64-fedora-clang 4.4.3 755.09 NOTE
r-devel-linux-x86_64-fedora-gcc 4.4.3 754.35 OK
r-devel-windows-ix86+x86_64 4.4.3 1049.00 146.00 1195.00 NOTE
r-patched-linux-x86_64 4.4.3 410.87 56.22 467.09 OK
r-patched-solaris-x86 4.4.3 2413.00 ERROR
r-release-linux-x86_64 4.4.3 412.87 55.21 468.08 OK
r-release-windows-ix86+x86_64 4.4.3 803.00 151.00 954.00 NOTE
r-release-osx-x86_64 4.4.3 NOTE
r-oldrel-windows-ix86+x86_64 4.4.3 934.00 168.00 1102.00 NOTE
r-oldrel-osx-x86_64 4.4.3 NOTE

Additional issues

clang-UBSAN gcc-UBSAN valgrind

Check Details

Version: 4.4.3
Check: installed package size
Result: NOTE
     installed size is 57.2Mb
     sub-directories of 1Mb or more:
     libs 55.9Mb
Flavors: r-devel-linux-x86_64-fedora-clang, r-devel-windows-ix86+x86_64, r-release-windows-ix86+x86_64, r-release-osx-x86_64, r-oldrel-windows-ix86+x86_64, r-oldrel-osx-x86_64

Version: 4.4.3
Check: examples
Result: ERROR
    Running examples in ‘blockcluster-Ex.R’ failed
    The error most likely occurred in:
    
    > ### Name: blockcluster
    > ### Title: Co-Clustering Package
    > ### Aliases: blockcluster
    >
    > ### ** Examples
    >
    >
    > ## Simple example with simulated binary data
    > ## load data
    > data(binarydata)
    > ## usage of coclusterBinary function in its most simplest form
    > out<-coclusterBinary(binarydata,nbcocluster=c(2,3))
    
     *** caught segfault ***
    address c, cause 'memory not mapped'
Flavor: r-patched-solaris-x86

Version: 4.4.3
Check: re-building of vignette outputs
Result: WARN
    Error(s) in re-building vignettes:
     ...
    --- re-building ‘blockcluster_tutorial.Rnw’ using Sweave
    Loading required package: rtkore
    Loading required package: Rcpp
    
    Attaching package: ‘rtkore’
    
    The following object is masked from ‘package:Rcpp’:
    
     LdFlags
    
    blockcluster version 4.4.3 loaded
    
    ----------------
    Copyright (C) <MODAL team @INRIA,Lille & U.M.R. C.N.R.S. 6599 Heudiasyc, UTC>
    Please post questions and bugs at: <https://gforge.inria.fr/forum/forum.php?forum_id=11190&group_id=3679>
Flavor: r-patched-solaris-x86