CRAN Package Check Results for Package bmlm

Last updated on 2019-09-19 03:48:06 CEST.

Flavor Version Tinstall Tcheck Ttotal Status Flags
r-devel-linux-x86_64-debian-clang 1.3.11 127.83 65.93 193.76 NOTE
r-devel-linux-x86_64-debian-gcc 1.3.11 138.96 54.02 192.98 NOTE
r-devel-linux-x86_64-fedora-clang 1.3.11 273.78 NOTE
r-devel-linux-x86_64-fedora-gcc 1.3.11 321.56 NOTE
r-devel-windows-ix86+x86_64 1.3.11 320.00 180.00 500.00 NOTE
r-patched-linux-x86_64 1.3.11 138.09 66.38 204.47 NOTE
r-patched-solaris-x86 1.3.11 276.90 NOTE
r-release-linux-x86_64 1.3.11 139.21 67.14 206.35 NOTE
r-release-windows-ix86+x86_64 1.3.11 214.00 127.00 341.00 NOTE
r-release-osx-x86_64 1.3.11 NOTE
r-oldrel-windows-ix86+x86_64 1.3.11 207.00 125.00 332.00 NOTE
r-oldrel-osx-x86_64 1.3.11 NOTE

Check Details

Version: 1.3.11
Check: for GNU extensions in Makefiles
Result: NOTE
    GNU make is a SystemRequirements.
Flavors: r-devel-linux-x86_64-debian-clang, r-devel-linux-x86_64-debian-gcc, r-devel-linux-x86_64-fedora-clang, r-devel-linux-x86_64-fedora-gcc, r-devel-windows-ix86+x86_64, r-patched-linux-x86_64, r-patched-solaris-x86, r-release-linux-x86_64, r-release-windows-ix86+x86_64, r-release-osx-x86_64, r-oldrel-windows-ix86+x86_64, r-oldrel-osx-x86_64

Version: 1.3.11
Check: installed package size
Result: NOTE
     installed size is 33.7Mb
     sub-directories of 1Mb or more:
     libs 33.4Mb
Flavors: r-devel-linux-x86_64-fedora-clang, r-release-osx-x86_64, r-oldrel-osx-x86_64