CRAN Package Check Results for Package boot

Last updated on 2020-07-15 03:46:35 CEST.

Flavor Version Tinstall Tcheck Ttotal Status Flags
r-devel-linux-x86_64-debian-clang 1.3-25 6.09 85.03 91.12 OK
r-devel-linux-x86_64-debian-gcc 1.3-25 6.33 64.10 70.43 OK
r-devel-linux-x86_64-fedora-clang 1.3-25 121.35 OK
r-devel-linux-x86_64-fedora-gcc 1.3-25 110.91 OK
r-devel-windows-ix86+x86_64 1.3-25 20.00 123.00 143.00 OK
r-patched-linux-x86_64 1.3-25 5.40 85.62 91.02 OK
r-patched-solaris-x86 1.3-25 OK
r-release-linux-x86_64 1.3-25 7.78 84.62 92.40 OK
r-release-macos-x86_64 1.3-25 ERROR
r-release-windows-ix86+x86_64 1.3-25 19.00 88.00 107.00 OK
r-oldrel-macos-x86_64 1.3-25 OK
r-oldrel-windows-ix86+x86_64 1.3-25 35.00 122.00 157.00 OK

Check Details

Version: 1.3-25
Check: whether package can be installed
Result: ERROR
    Installation failed.
Flavor: r-release-macos-x86_64