CRAN Package Check Results for Package brainR

Last updated on 2020-05-27 03:48:27 CEST.

Flavor Version Tinstall Tcheck Ttotal Status Flags
r-devel-linux-x86_64-debian-clang 1.6.0 6.63 52.81 59.44 OK
r-devel-linux-x86_64-debian-gcc 1.6.0 5.87 40.97 46.84 OK
r-devel-linux-x86_64-fedora-clang 1.6.0 82.13 OK
r-devel-linux-x86_64-fedora-gcc 1.6.0 70.40 OK
r-devel-windows-ix86+x86_64 1.6.0 22.00 88.00 110.00 OK
r-patched-linux-x86_64 1.6.0 7.51 51.79 59.30 OK
r-patched-solaris-x86 1.6.0 94.10 ERROR
r-release-linux-x86_64 1.6.0 7.41 52.12 59.53 OK
r-release-osx-x86_64 1.6.0 OK
r-release-windows-ix86+x86_64 1.6.0 17.00 86.00 103.00 OK
r-oldrel-osx-x86_64 1.6.0 WARN
r-oldrel-windows-ix86+x86_64 1.6.0 14.00 65.00 79.00 OK

Check Details

Version: 1.6.0
Check: package dependencies
Result: NOTE
    Package suggested but not available for checking: ‘servr’
Flavor: r-patched-solaris-x86

Version: 1.6.0
Check: loading without being on the library search path
Result: WARN
    Loading required package: rgl
    Error: package or namespace load failed for ‘rgl’ in loadNamespace(j <- i[[1L]], c(lib.loc, .libPaths()), versionCheck = vI[[j]]):
     there is no package called ‘shiny’
    Error: package ‘rgl’ could not be loaded
    Execution halted
    
    It looks like this package has a loading problem when not on .libPaths:
    see the messages for details.
Flavor: r-patched-solaris-x86

Version: 1.6.0
Check: examples
Result: ERROR
    Running examples in ‘brainR-Ex.R’ failed
    The error occurred in:
    
    
    R version 4.0.0 Patched (2020-05-26 r78576) -- "Arbor Day"
    Copyright (C) 2020 The R Foundation for Statistical Computing
    Platform: i386-pc-solaris2.10 (32-bit)
    
    R is free software and comes with ABSOLUTELY NO WARRANTY.
    You are welcome to redistribute it under certain conditions.
    Type 'license()' or 'licence()' for distribution details.
    
     Natural language support but running in an English locale
    
    R is a collaborative project with many contributors.
    Type 'contributors()' for more information and
    'citation()' on how to cite R or R packages in publications.
    
    Type 'demo()' for some demos, 'help()' for on-line help, or
    'help.start()' for an HTML browser interface to help.
    Type 'q()' to quit R.
    
    > pkgname <- "brainR"
    > source(file.path(R.home("share"), "R", "examples-header.R"))
    > options(warn = 1)
    > library('brainR')
    Loading required package: rgl
    Error: package or namespace load failed for ‘rgl’ in loadNamespace(j <- i[[1L]], c(lib.loc, .libPaths()), versionCheck = vI[[j]]):
     there is no package called ‘shiny’
    Error: package ‘rgl’ could not be loaded
    Execution halted
Flavor: r-patched-solaris-x86

Version: 1.6.0
Check: whether package can be installed
Result: WARN
    Found the following significant warnings:
     Warning: 'rgl_init' failed, running with rgl.useNULL = TRUE
Flavor: r-oldrel-osx-x86_64

Version: 1.6.0
Check: dependencies in R code
Result: NOTE
    No protocol specified
Flavor: r-oldrel-osx-x86_64

Version: 1.6.0
Check: S3 generic/method consistency
Result: WARN
    No protocol specified
    See section ‘Generic functions and methods’ in the ‘Writing R
    Extensions’ manual.
Flavor: r-oldrel-osx-x86_64

Version: 1.6.0
Check: replacement functions
Result: WARN
    No protocol specified
    The argument of a replacement function which corresponds to the right
    hand side must be named ‘value’.
Flavor: r-oldrel-osx-x86_64

Version: 1.6.0
Check: foreign function calls
Result: NOTE
    No protocol specified
    See chapter ‘System and foreign language interfaces’ in the ‘Writing R
    Extensions’ manual.
Flavor: r-oldrel-osx-x86_64

Version: 1.6.0
Check: R code for possible problems
Result: NOTE
    No protocol specified
Flavor: r-oldrel-osx-x86_64

Version: 1.6.0
Check: for missing documentation entries
Result: WARN
    No protocol specified
    All user-level objects in a package should have documentation entries.
    See chapter ‘Writing R documentation files’ in the ‘Writing R
    Extensions’ manual.
Flavor: r-oldrel-osx-x86_64

Version: 1.6.0
Check: for code/documentation mismatches
Result: WARN
    No protocol specified
    No protocol specified
    No protocol specified
Flavor: r-oldrel-osx-x86_64

Version: 1.6.0
Check: Rd \usage sections
Result: NOTE
    No protocol specified
    The \usage entries for S3 methods should use the \method markup and not
    their full name.
    See chapter ‘Writing R documentation files’ in the ‘Writing R
    Extensions’ manual.
Flavor: r-oldrel-osx-x86_64