CRAN Package Check Results for Package brlrmr

Last updated on 2020-01-19 02:48:50 CET.

Flavor Version Tinstall Tcheck Ttotal Status Flags
r-devel-linux-x86_64-debian-clang 0.1.7 3.01 24.00 27.01 OK
r-devel-linux-x86_64-debian-gcc 0.1.7 2.59 19.26 21.85 OK
r-devel-linux-x86_64-fedora-clang 0.1.7 33.23 NOTE
r-devel-linux-x86_64-fedora-gcc 0.1.7 32.90 NOTE
r-devel-windows-ix86+x86_64 0.1.7 13.00 41.00 54.00 OK
r-devel-windows-ix86+x86_64-gcc8 0.1.7 6.00 41.00 47.00 OK
r-patched-linux-x86_64 0.1.7 2.75 22.59 25.34 OK
r-patched-solaris-x86 0.1.7 44.70 NOTE
r-release-linux-x86_64 0.1.7 2.29 22.54 24.83 OK
r-release-windows-ix86+x86_64 0.1.7 7.00 37.00 44.00 OK
r-release-osx-x86_64 0.1.7 NOTE
r-oldrel-windows-ix86+x86_64 0.1.7 5.00 37.00 42.00 OK
r-oldrel-osx-x86_64 0.1.7 NOTE

Check Details

Version: 0.1.7
Check: dependencies in R code
Result: NOTE
    Namespaces in Imports field not imported from:
     ‘Rcpp’ ‘profileModel’
     All declared Imports should be used.
Flavors: r-devel-linux-x86_64-fedora-clang, r-devel-linux-x86_64-fedora-gcc, r-patched-solaris-x86, r-release-osx-x86_64, r-oldrel-osx-x86_64