CRAN Package Check Results for Package cabinets

Last updated on 2020-02-25 02:48:25 CET.

Flavor Version Tinstall Tcheck Ttotal Status Flags
r-devel-linux-x86_64-debian-clang 0.4.0 3.49 22.37 25.86 OK
r-devel-linux-x86_64-debian-gcc 0.4.0 2.43 17.80 20.23 OK
r-devel-linux-x86_64-fedora-clang 0.4.0 31.46 NOTE
r-devel-linux-x86_64-fedora-gcc 0.4.0 30.22 NOTE
r-devel-windows-ix86+x86_64 0.4.0 7.00 36.00 43.00 OK
r-devel-windows-ix86+x86_64-gcc8 0.4.0 7.00 45.00 52.00 OK
r-patched-linux-x86_64 0.4.0 2.26 20.44 22.70 OK
r-patched-solaris-x86 0.4.0 41.90 NOTE
r-release-linux-x86_64 0.4.0 2.46 20.39 22.85 OK
r-release-windows-ix86+x86_64 0.4.0 5.00 35.00 40.00 OK
r-release-osx-x86_64 0.4.0 NOTE
r-oldrel-windows-ix86+x86_64 0.4.0 4.00 34.00 38.00 OK
r-oldrel-osx-x86_64 0.4.0 NOTE

Check Details

Version: 0.4.0
Check: dependencies in R code
Result: NOTE
    Namespaces in Imports field not imported from:
     ‘R6’ ‘here’ ‘withr’
     All declared Imports should be used.
Flavors: r-devel-linux-x86_64-fedora-clang, r-devel-linux-x86_64-fedora-gcc, r-patched-solaris-x86, r-release-osx-x86_64, r-oldrel-osx-x86_64