CRAN Package Check Results for Package casino

Last updated on 2020-09-18 15:52:42 CEST.

Flavor Version Tinstall Tcheck Ttotal Status Flags
r-devel-linux-x86_64-debian-clang 0.1.0 9.34 42.35 51.69 OK
r-devel-linux-x86_64-debian-gcc 0.1.0 6.43 33.08 39.51 OK
r-devel-linux-x86_64-fedora-clang 0.1.0 72.15 NOTE
r-devel-linux-x86_64-fedora-gcc 0.1.0 69.79 NOTE
r-devel-windows-ix86+x86_64 0.1.0 17.00 67.00 84.00 OK
r-patched-linux-x86_64 0.1.0 9.04 41.11 50.15 OK
r-patched-solaris-x86 0.1.0 87.40 NOTE
r-release-linux-x86_64 0.1.0 8.18 40.87 49.05 OK
r-release-macos-x86_64 0.1.0 NOTE
r-release-windows-ix86+x86_64 0.1.0 17.00 63.00 80.00 OK
r-oldrel-macos-x86_64 0.1.0 NOTE
r-oldrel-windows-ix86+x86_64 0.1.0 22.00 62.00 84.00 OK

Check Details

Version: 0.1.0
Check: dependencies in R code
Result: NOTE
    Namespaces in Imports field not imported from:
     ‘R6’ ‘crayon’ ‘dplyr’ ‘tidyr’
     All declared Imports should be used.
Flavors: r-devel-linux-x86_64-fedora-clang, r-devel-linux-x86_64-fedora-gcc, r-patched-solaris-x86, r-release-macos-x86_64, r-oldrel-macos-x86_64