CRAN Package Check Results for Package casino

Last updated on 2020-02-20 02:48:18 CET.

Flavor Version Tinstall Tcheck Ttotal Status Flags
r-devel-linux-x86_64-debian-clang 0.1.0 10.29 50.28 60.57 OK
r-devel-linux-x86_64-debian-gcc 0.1.0 7.46 37.80 45.26 OK
r-devel-linux-x86_64-fedora-clang 0.1.0 71.42 NOTE
r-devel-linux-x86_64-fedora-gcc 0.1.0 68.45 NOTE
r-devel-windows-ix86+x86_64 0.1.0 16.00 57.00 73.00 OK
r-devel-windows-ix86+x86_64-gcc8 0.1.0 26.00 90.00 116.00 OK
r-patched-linux-x86_64 0.1.0 7.85 43.69 51.54 OK
r-patched-solaris-x86 0.1.0 78.10 NOTE
r-release-linux-x86_64 0.1.0 7.24 43.38 50.62 OK
r-release-windows-ix86+x86_64 0.1.0 13.00 53.00 66.00 OK
r-release-osx-x86_64 0.1.0 NOTE
r-oldrel-windows-ix86+x86_64 0.1.0 10.00 52.00 62.00 OK
r-oldrel-osx-x86_64 0.1.0 NOTE

Check Details

Version: 0.1.0
Check: dependencies in R code
Result: NOTE
    Namespaces in Imports field not imported from:
     ‘R6’ ‘crayon’ ‘dplyr’ ‘tidyr’
     All declared Imports should be used.
Flavors: r-devel-linux-x86_64-fedora-clang, r-devel-linux-x86_64-fedora-gcc, r-patched-solaris-x86, r-release-osx-x86_64, r-oldrel-osx-x86_64