CRAN Package Check Results for Package castor

Last updated on 2020-05-29 15:48:08 CEST.

Flavor Version Tinstall Tcheck Ttotal Status Flags
r-devel-linux-x86_64-debian-clang 1.5.7 122.33 94.40 216.73 OK
r-devel-linux-x86_64-debian-gcc 1.5.7 120.65 72.49 193.14 OK
r-devel-linux-x86_64-fedora-clang 1.5.7 275.99 NOTE
r-devel-linux-x86_64-fedora-gcc 1.5.7 345.44 OK
r-devel-windows-ix86+x86_64 1.5.7 229.00 144.00 373.00 NOTE
r-patched-linux-x86_64 1.5.7 131.36 95.54 226.90 OK
r-patched-solaris-x86 1.5.7 249.40 OK
r-release-linux-x86_64 1.5.7 135.11 96.11 231.22 OK
r-release-osx-x86_64 1.5.7 NOTE
r-release-windows-ix86+x86_64 1.5.7 174.00 170.00 344.00 NOTE
r-oldrel-osx-x86_64 1.5.7 NOTE
r-oldrel-windows-ix86+x86_64 1.5.7 234.00 132.00 366.00 NOTE

Check Details

Version: 1.5.7
Check: installed package size
Result: NOTE
     installed size is 20.0Mb
     sub-directories of 1Mb or more:
     libs 18.8Mb
Flavors: r-devel-linux-x86_64-fedora-clang, r-devel-windows-ix86+x86_64, r-release-osx-x86_64, r-release-windows-ix86+x86_64, r-oldrel-osx-x86_64, r-oldrel-windows-ix86+x86_64