CRAN Package Check Results for Package castor

Last updated on 2019-11-14 14:46:10 CET.

Flavor Version Tinstall Tcheck Ttotal Status Flags
r-devel-linux-x86_64-debian-clang 1.5.0 80.76 72.72 153.48 OK
r-devel-linux-x86_64-debian-gcc 1.5.0 98.56 56.20 154.76 OK
r-devel-linux-x86_64-fedora-clang 1.5.0 213.02 NOTE
r-devel-linux-x86_64-fedora-gcc 1.5.0 261.31 OK
r-devel-windows-ix86+x86_64 1.5.0 181.00 116.00 297.00 OK
r-patched-linux-x86_64 1.5.0 93.79 72.81 166.60 OK
r-patched-solaris-x86 1.5.0 205.40 OK
r-release-linux-x86_64 1.5.0 90.46 72.21 162.67 OK
r-release-windows-ix86+x86_64 1.5.0 147.00 152.00 299.00 OK
r-release-osx-x86_64 1.5.0 NOTE
r-oldrel-windows-ix86+x86_64 1.5.0 135.00 149.00 284.00 OK
r-oldrel-osx-x86_64 1.5.0 NOTE

Additional issues

valgrind

Check Details

Version: 1.5.0
Check: installed package size
Result: NOTE
     installed size is 14.6Mb
     sub-directories of 1Mb or more:
     libs 13.6Mb
Flavors: r-devel-linux-x86_64-fedora-clang, r-release-osx-x86_64, r-oldrel-osx-x86_64