CRAN Package Check Results for Package catenary

Last updated on 2020-01-19 02:48:51 CET.

Flavor Version Tinstall Tcheck Ttotal Status Flags
r-devel-linux-x86_64-debian-clang 1.1.2 2.84 57.38 60.22 OK
r-devel-linux-x86_64-debian-gcc 1.1.2 2.73 43.48 46.21 OK
r-devel-linux-x86_64-fedora-clang 1.1.2 71.07 NOTE
r-devel-linux-x86_64-fedora-gcc 1.1.2 68.84 NOTE
r-devel-windows-ix86+x86_64 1.1.2 19.00 96.00 115.00 OK
r-devel-windows-ix86+x86_64-gcc8 1.1.2 10.00 106.00 116.00 OK
r-patched-linux-x86_64 1.1.2 2.41 51.67 54.08 OK
r-patched-solaris-x86 1.1.2 93.20 NOTE
r-release-linux-x86_64 1.1.2 2.43 50.77 53.20 OK
r-release-windows-ix86+x86_64 1.1.2 13.00 93.00 106.00 OK
r-release-osx-x86_64 1.1.2 NOTE
r-oldrel-windows-ix86+x86_64 1.1.2 8.00 65.00 73.00 OK
r-oldrel-osx-x86_64 1.1.2 NOTE

Check Details

Version: 1.1.2
Check: dependencies in R code
Result: NOTE
    Namespace in Imports field not imported from: ‘tidyverse’
     All declared Imports should be used.
Flavors: r-devel-linux-x86_64-fedora-clang, r-devel-linux-x86_64-fedora-gcc, r-patched-solaris-x86, r-release-osx-x86_64, r-oldrel-osx-x86_64