CRAN Package Check Results for Package catenary

Last updated on 2020-08-15 03:48:00 CEST.

Flavor Version Tinstall Tcheck Ttotal Status Flags
r-devel-linux-x86_64-debian-clang 1.1.2 3.35 57.89 61.24 OK
r-devel-linux-x86_64-debian-gcc 1.1.2 2.56 43.37 45.93 OK
r-devel-linux-x86_64-fedora-clang 1.1.2 78.35 NOTE
r-devel-linux-x86_64-fedora-gcc 1.1.2 72.28 NOTE
r-devel-windows-ix86+x86_64 1.1.2 20.00 67.00 87.00 OK
r-patched-linux-x86_64 1.1.2 3.50 56.73 60.23 OK
r-patched-solaris-x86 1.1.2 103.20 NOTE
r-release-linux-x86_64 1.1.2 3.30 57.21 60.51 OK
r-release-macos-x86_64 1.1.2 NOTE
r-release-windows-ix86+x86_64 1.1.2 14.00 63.00 77.00 OK
r-oldrel-macos-x86_64 1.1.2 NOTE
r-oldrel-windows-ix86+x86_64 1.1.2 5.00 64.00 69.00 OK

Check Details

Version: 1.1.2
Check: dependencies in R code
Result: NOTE
    Namespace in Imports field not imported from: ‘tidyverse’
     All declared Imports should be used.
Flavors: r-devel-linux-x86_64-fedora-clang, r-devel-linux-x86_64-fedora-gcc, r-patched-solaris-x86, r-release-macos-x86_64, r-oldrel-macos-x86_64