CRAN Package Check Results for Package cccp

Last updated on 2019-09-21 15:46:46 CEST.

Flavor Version Tinstall Tcheck Ttotal Status Flags
r-devel-linux-x86_64-debian-clang 0.2-4 192.06 49.31 241.37 OK
r-devel-linux-x86_64-debian-gcc 0.2-4 171.70 39.18 210.88 OK
r-devel-linux-x86_64-fedora-clang 0.2-4 367.81 NOTE
r-devel-linux-x86_64-fedora-gcc 0.2-4 375.40 NOTE
r-devel-windows-ix86+x86_64 0.2-4 419.00 127.00 546.00 OK
r-patched-linux-x86_64 0.2-4 168.47 49.35 217.82 OK
r-patched-solaris-x86 0.2-4 320.40 OK
r-release-linux-x86_64 0.2-4 165.89 49.95 215.84 OK
r-release-windows-ix86+x86_64 0.2-4 303.00 95.00 398.00 OK
r-release-osx-x86_64 0.2-4 NOTE
r-oldrel-windows-ix86+x86_64 0.2-4 301.00 93.00 394.00 OK
r-oldrel-osx-x86_64 0.2-4 NOTE

Check Details

Version: 0.2-4
Check: installed package size
Result: NOTE
     installed size is 19.7Mb
     sub-directories of 1Mb or more:
     libs 19.4Mb
Flavors: r-devel-linux-x86_64-fedora-clang, r-release-osx-x86_64, r-oldrel-osx-x86_64

Version: 0.2-4
Check: compiled code
Result: NOTE
    File ‘cccp/libs/cccp.so’:
     Found no calls to: ‘R_registerRoutines’, ‘R_useDynamicSymbols’
    
    It is good practice to register native routines and to disable symbol
    search.
    
    See ‘Writing portable packages’ in the ‘Writing R Extensions’ manual.
Flavors: r-devel-linux-x86_64-fedora-clang, r-devel-linux-x86_64-fedora-gcc