CRAN Package Check Results for Package cccp

Last updated on 2020-02-24 02:46:56 CET.

Flavor Version Tinstall Tcheck Ttotal Status Flags
r-devel-linux-x86_64-debian-clang 0.2-4 207.71 57.44 265.15 OK
r-devel-linux-x86_64-debian-gcc 0.2-4 OK
r-devel-linux-x86_64-fedora-clang 0.2-4 378.96 NOTE
r-devel-linux-x86_64-fedora-gcc 0.2-4 391.41 NOTE
r-devel-windows-ix86+x86_64 0.2-4 338.00 102.00 440.00 OK
r-devel-windows-ix86+x86_64-gcc8 0.2-4 500.00 145.00 645.00 OK
r-patched-linux-x86_64 0.2-4 OK
r-patched-solaris-x86 0.2-4 326.90 OK
r-release-linux-x86_64 0.2-4 179.11 49.49 228.60 OK
r-release-windows-ix86+x86_64 0.2-4 358.00 96.00 454.00 OK
r-release-osx-x86_64 0.2-4 NOTE
r-oldrel-windows-ix86+x86_64 0.2-4 367.00 97.00 464.00 OK
r-oldrel-osx-x86_64 0.2-4 NOTE

Check Details

Version: 0.2-4
Check: installed package size
Result: NOTE
     installed size is 20.1Mb
     sub-directories of 1Mb or more:
     libs 19.8Mb
Flavors: r-devel-linux-x86_64-fedora-clang, r-release-osx-x86_64, r-oldrel-osx-x86_64

Version: 0.2-4
Check: compiled code
Result: NOTE
    File ‘cccp/libs/cccp.so’:
     Found no calls to: ‘R_registerRoutines’, ‘R_useDynamicSymbols’
    
    It is good practice to register native routines and to disable symbol
    search.
    
    See ‘Writing portable packages’ in the ‘Writing R Extensions’ manual.
Flavors: r-devel-linux-x86_64-fedora-clang, r-devel-linux-x86_64-fedora-gcc