CRAN Package Check Results for Package ccrs

Last updated on 2020-02-16 14:47:41 CET.

Flavor Version Tinstall Tcheck Ttotal Status Flags
r-devel-linux-x86_64-debian-clang 0.1.0 10.70 89.12 99.82 OK
r-devel-linux-x86_64-debian-gcc 0.1.0 10.97 69.03 80.00 OK
r-devel-linux-x86_64-fedora-clang 0.1.0 121.97 NOTE
r-devel-windows-ix86+x86_64 0.1.0 29.00 102.00 131.00 OK
r-devel-windows-ix86+x86_64-gcc8 0.1.0 39.00 144.00 183.00 OK
r-patched-linux-x86_64 0.1.0 10.79 77.59 88.38 OK
r-patched-solaris-x86 0.1.0 183.30 NOTE
r-release-linux-x86_64 0.1.0 10.96 77.23 88.19 OK
r-release-windows-ix86+x86_64 0.1.0 21.00 94.00 115.00 OK
r-release-osx-x86_64 0.1.0 NOTE
r-oldrel-windows-ix86+x86_64 0.1.0 14.00 86.00 100.00 OK
r-oldrel-osx-x86_64 0.1.0 NOTE

Check Details

Version: 0.1.0
Check: dependencies in R code
Result: NOTE
    Namespace in Imports field not imported from: ‘methods’
     All declared Imports should be used.
Flavors: r-devel-linux-x86_64-fedora-clang, r-patched-solaris-x86, r-release-osx-x86_64, r-oldrel-osx-x86_64