CRAN Package Check Results for Package ccrs

Last updated on 2019-09-21 03:48:19 CEST.

Flavor Version Tinstall Tcheck Ttotal Status Flags
r-devel-linux-x86_64-debian-clang 0.1.0 10.22 77.25 87.47 OK
r-devel-linux-x86_64-debian-gcc 0.1.0 9.51 63.37 72.88 OK
r-devel-linux-x86_64-fedora-clang 0.1.0 108.70 NOTE
r-devel-linux-x86_64-fedora-gcc 0.1.0 106.61 NOTE
r-devel-windows-ix86+x86_64 0.1.0 35.00 125.00 160.00 OK
r-patched-linux-x86_64 0.1.0 11.11 76.80 87.91 OK
r-patched-solaris-x86 0.1.0 180.50 NOTE
r-release-linux-x86_64 0.1.0 9.50 76.21 85.71 OK
r-release-windows-ix86+x86_64 0.1.0 26.00 95.00 121.00 OK
r-release-osx-x86_64 0.1.0 NOTE
r-oldrel-windows-ix86+x86_64 0.1.0 13.00 87.00 100.00 OK
r-oldrel-osx-x86_64 0.1.0 NOTE

Check Details

Version: 0.1.0
Check: dependencies in R code
Result: NOTE
    Namespace in Imports field not imported from: ‘methods’
     All declared Imports should be used.
Flavors: r-devel-linux-x86_64-fedora-clang, r-devel-linux-x86_64-fedora-gcc, r-patched-solaris-x86, r-release-osx-x86_64, r-oldrel-osx-x86_64