CRAN Package Check Results for Package ceterisParibus

Last updated on 2020-07-08 03:47:38 CEST.

Flavor Version Tinstall Tcheck Ttotal Status Flags
r-devel-linux-x86_64-debian-clang 0.4.2 5.53 50.10 55.63 OK
r-devel-linux-x86_64-debian-gcc 0.4.2 4.03 37.90 41.93 OK
r-devel-linux-x86_64-fedora-clang 0.4.2 75.18 NOTE
r-devel-linux-x86_64-fedora-gcc 0.4.2 68.01 NOTE
r-devel-windows-ix86+x86_64 0.4.2 18.00 68.00 86.00 OK
r-patched-linux-x86_64 0.4.2 5.04 48.16 53.20 OK
r-patched-solaris-x86 0.4.2 95.50 NOTE
r-release-linux-x86_64 0.4.2 3.62 48.30 51.92 OK
r-release-osx-x86_64 0.4.2 NOTE
r-release-windows-ix86+x86_64 0.4.2 13.00 67.00 80.00 OK
r-oldrel-osx-x86_64 0.4.2 NOTE
r-oldrel-windows-ix86+x86_64 0.4.2 17.00 95.00 112.00 OK

Check Details

Version: 0.4.2
Check: dependencies in R code
Result: NOTE
    Namespace in Imports field not imported from: ‘knitr’
     All declared Imports should be used.
Flavors: r-devel-linux-x86_64-fedora-clang, r-devel-linux-x86_64-fedora-gcc, r-patched-solaris-x86, r-release-osx-x86_64, r-oldrel-osx-x86_64