CRAN Package Check Results for Package charlatan

Last updated on 2019-09-23 03:48:54 CEST.

Flavor Version Tinstall Tcheck Ttotal Status Flags
r-devel-linux-x86_64-debian-clang 0.3.0 21.32 71.67 92.99 OK
r-devel-linux-x86_64-debian-gcc 0.3.0 16.55 54.98 71.53 OK
r-devel-linux-x86_64-fedora-clang 0.3.0 116.52 OK
r-devel-linux-x86_64-fedora-gcc 0.3.0 108.82 OK
r-devel-windows-ix86+x86_64 0.3.0 41.00 118.00 159.00 OK
r-patched-linux-x86_64 0.3.0 19.32 69.82 89.14 OK
r-patched-solaris-x86 0.3.0 148.60 NOTE
r-release-linux-x86_64 0.3.0 21.77 69.15 90.92 OK
r-release-windows-ix86+x86_64 0.3.0 39.00 111.00 150.00 OK
r-release-osx-x86_64 0.3.0 OK
r-oldrel-windows-ix86+x86_64 0.3.0 26.00 78.00 104.00 OK
r-oldrel-osx-x86_64 0.3.0 OK

Check Details

Version: 0.3.0
Check: package dependencies
Result: NOTE
    Package suggested but not available for checking: ‘iptools’
Flavor: r-patched-solaris-x86