CRAN Package Check Results for Package charlatan

Last updated on 2020-02-21 14:46:57 CET.

Flavor Version Tinstall Tcheck Ttotal Status Flags
r-devel-linux-x86_64-debian-clang 0.4.0 26.78 88.73 115.51 OK
r-devel-linux-x86_64-debian-gcc 0.4.0 21.66 66.35 88.01 OK
r-devel-linux-x86_64-fedora-clang 0.4.0 137.47 OK
r-devel-linux-x86_64-fedora-gcc 0.4.0 126.04 OK
r-devel-windows-ix86+x86_64 0.4.0 33.00 94.00 127.00 OK
r-devel-windows-ix86+x86_64-gcc8 0.4.0 52.00 124.00 176.00 OK
r-patched-linux-x86_64 0.4.0 20.95 78.72 99.67 OK
r-patched-solaris-x86 0.4.0 161.50 NOTE
r-release-linux-x86_64 0.4.0 23.55 78.38 101.93 OK
r-release-windows-ix86+x86_64 0.4.0 29.00 89.00 118.00 OK
r-release-osx-x86_64 0.4.0 OK
r-oldrel-windows-ix86+x86_64 0.4.0 21.00 92.00 113.00 OK
r-oldrel-osx-x86_64 0.4.0 OK

Check Details

Version: 0.4.0
Check: package dependencies
Result: NOTE
    Package suggested but not available for checking: ‘iptools’
Flavor: r-patched-solaris-x86