CRAN Package Check Results for Package chemometrics

Last updated on 2019-11-21 02:48:17 CET.

Flavor Version Tinstall Tcheck Ttotal Status Flags
r-devel-linux-x86_64-debian-clang 1.4.2 6.54 135.12 141.66 NOTE
r-devel-linux-x86_64-debian-gcc 1.4.2 6.42 102.17 108.59 NOTE
r-devel-linux-x86_64-fedora-clang 1.4.2 170.16 NOTE
r-devel-linux-x86_64-fedora-gcc 1.4.2 171.54 NOTE
r-devel-windows-ix86+x86_64 1.4.2 15.00 181.00 196.00 OK
r-devel-windows-ix86+x86_64-gcc8 1.4.2 14.00 136.00 150.00 OK
r-patched-linux-x86_64 1.4.2 5.63 126.57 132.20 OK
r-patched-solaris-x86 1.4.2 247.40 OK
r-release-linux-x86_64 1.4.2 5.87 131.04 136.91 OK
r-release-windows-ix86+x86_64 1.4.2 20.00 189.00 209.00 OK
r-release-osx-x86_64 1.4.2 OK
r-oldrel-windows-ix86+x86_64 1.4.2 11.00 189.00 200.00 OK
r-oldrel-osx-x86_64 1.4.2 OK

Check Details

Version: 1.4.2
Check: for non-standard things in the check directory
Result: NOTE
    Found the following files/directories:
     'stepres00.txt'
Flavors: r-devel-linux-x86_64-debian-clang, r-devel-linux-x86_64-debian-gcc, r-devel-linux-x86_64-fedora-clang, r-devel-linux-x86_64-fedora-gcc