CRAN Package Check Results for Package chemometrics

Last updated on 2020-07-08 03:47:38 CEST.

Flavor Version Tinstall Tcheck Ttotal Status Flags
r-devel-linux-x86_64-debian-clang 1.4.2 7.76 141.02 148.78 NOTE
r-devel-linux-x86_64-debian-gcc 1.4.2 6.46 103.93 110.39 NOTE
r-devel-linux-x86_64-fedora-clang 1.4.2 181.51 NOTE
r-devel-linux-x86_64-fedora-gcc 1.4.2 174.79 NOTE
r-devel-windows-ix86+x86_64 1.4.2 10.00 153.00 163.00 OK
r-patched-linux-x86_64 1.4.2 8.48 137.29 145.77 NOTE
r-patched-solaris-x86 1.4.2 244.70 NOTE
r-release-linux-x86_64 1.4.2 7.50 139.38 146.88 NOTE
r-release-osx-x86_64 1.4.2 OK
r-release-windows-ix86+x86_64 1.4.2 11.00 142.00 153.00 OK
r-oldrel-osx-x86_64 1.4.2 OK
r-oldrel-windows-ix86+x86_64 1.4.2 18.00 182.00 200.00 OK

Check Details

Version: 1.4.2
Check: for non-standard things in the check directory
Result: NOTE
    Found the following files/directories:
     'stepres00.txt'
Flavors: r-devel-linux-x86_64-debian-clang, r-devel-linux-x86_64-debian-gcc, r-devel-linux-x86_64-fedora-clang, r-devel-linux-x86_64-fedora-gcc, r-patched-linux-x86_64, r-patched-solaris-x86, r-release-linux-x86_64