CRAN Package Check Results for Package chicane

Last updated on 2019-09-23 03:48:54 CEST.

Flavor Version Tinstall Tcheck Ttotal Status Flags
r-devel-linux-x86_64-debian-clang 0.1.0 9.21 231.06 240.27 OK
r-devel-linux-x86_64-debian-gcc 0.1.0 8.25 181.86 190.11 OK
r-devel-linux-x86_64-fedora-clang 0.1.0 276.13 OK
r-devel-linux-x86_64-fedora-gcc 0.1.0 282.04 OK
r-devel-windows-ix86+x86_64 0.1.0 25.00 323.00 348.00 OK
r-patched-linux-x86_64 0.1.0 8.39 204.64 213.03 OK
r-patched-solaris-x86 0.1.0 468.60 OK
r-release-linux-x86_64 0.1.0 8.30 205.53 213.83 OK
r-release-windows-ix86+x86_64 0.1.0 24.00 302.00 326.00 OK
r-release-osx-x86_64 0.1.0 WARN
r-oldrel-windows-ix86+x86_64 0.1.0 11.00 234.00 245.00 OK
r-oldrel-osx-x86_64 0.1.0 WARN

Check Details

Version: 0.1.0
Check: package dependencies
Result: NOTE
    Packages suggested but not available for checking:
     'GenomicInteractions', 'Gviz'
Flavor: r-release-osx-x86_64

Version: 0.1.0
Check: re-building of vignette outputs
Result: WARN
    Error(s) in re-building vignettes:
     ...
    --- re-building ‘Introduction.Rmd’ using rmarkdown
    Warning in engine$weave(file, quiet = quiet, encoding = enc) :
     Pandoc (>= 1.12.3) and/or pandoc-citeproc not available. Falling back to R Markdown v1.
    --- finished re-building ‘Introduction.Rmd’
    
    --- re-building ‘Visualising_Interactions.Rmd’ using rmarkdown
    Warning in engine$weave(file, quiet = quiet, encoding = enc) :
     Pandoc (>= 1.12.3) and/or pandoc-citeproc not available. Falling back to R Markdown v1.
    Quitting from lines 41-105 (Visualising_Interactions.Rmd)
    Error: processing vignette 'Visualising_Interactions.Rmd' failed with diagnostics:
    there is no package called 'GenomicInteractions'
    --- failed re-building ‘Visualising_Interactions.Rmd’
    
    SUMMARY: processing the following file failed:
     ‘Visualising_Interactions.Rmd’
    
    Error: Vignette re-building failed.
    Execution halted
Flavor: r-release-osx-x86_64

Version: 0.1.0
Check: package dependencies
Result: NOTE
    Packages suggested but not available for checking:
     ‘GenomicInteractions’ ‘Gviz’
Flavor: r-oldrel-osx-x86_64

Version: 0.1.0
Check: re-building of vignette outputs
Result: WARN
    Error in re-building vignettes:
     ...
    Warning in engine$weave(file, quiet = quiet, encoding = enc) :
     Pandoc (>= 1.12.3) and/or pandoc-citeproc not available. Falling back to R Markdown v1.
    Warning in engine$weave(file, quiet = quiet, encoding = enc) :
     Pandoc (>= 1.12.3) and/or pandoc-citeproc not available. Falling back to R Markdown v1.
    Quitting from lines 41-105 (Visualising_Interactions.Rmd)
    Error: processing vignette 'Visualising_Interactions.Rmd' failed with diagnostics:
    there is no package called 'GenomicInteractions'
    Execution halted
Flavor: r-oldrel-osx-x86_64