CRAN Package Check Results for Package chromoR

Last updated on 2020-04-07 03:48:05 CEST.

Flavor Version Tinstall Tcheck Ttotal Status Flags
r-devel-linux-x86_64-debian-clang 1.0 5.19 41.52 46.71 NOTE
r-devel-linux-x86_64-debian-gcc 1.0 4.32 32.42 36.74 NOTE
r-devel-linux-x86_64-fedora-clang 1.0 58.00 NOTE
r-devel-linux-x86_64-fedora-gcc 1.0 58.55 NOTE
r-devel-windows-ix86+x86_64 1.0 13.00 52.00 65.00 NOTE
r-devel-windows-ix86+x86_64-gcc8 1.0 11.00 54.00 65.00 NOTE
r-patched-linux-x86_64 1.0 4.69 41.38 46.07 NOTE
r-patched-solaris-x86 1.0 81.40 NOTE
r-release-linux-x86_64 1.0 5.14 38.67 43.81 NOTE
r-release-windows-ix86+x86_64 1.0 9.00 84.00 93.00 NOTE
r-release-osx-x86_64 1.0 NOTE
r-oldrel-windows-ix86+x86_64 1.0 9.00 52.00 61.00 NOTE
r-oldrel-osx-x86_64 1.0 NOTE

Check Details

Version: 1.0
Check: R code for possible problems
Result: NOTE
    combineToSingleMatrix: no visible global function definition for
     'read.table'
    combineToSingleMatrix: no visible global function definition for
     'write.table'
    compareCIM: no visible global function definition for 'sd'
    correctData: no visible global function definition for 'wd'
    correctData: no visible global function definition for 'threshold'
    correctData: no visible binding for global variable 'madmad'
    correctData: no visible global function definition for 'wr'
    Undefined global functions or variables:
     madmad read.table sd threshold wd wr write.table
    Consider adding
     importFrom("stats", "sd")
     importFrom("utils", "read.table", "write.table")
    to your NAMESPACE file.
Flavors: r-devel-linux-x86_64-debian-clang, r-devel-linux-x86_64-debian-gcc, r-devel-linux-x86_64-fedora-clang, r-devel-linux-x86_64-fedora-gcc, r-devel-windows-ix86+x86_64, r-devel-windows-ix86+x86_64-gcc8, r-patched-linux-x86_64, r-patched-solaris-x86, r-release-linux-x86_64, r-release-windows-ix86+x86_64, r-release-osx-x86_64, r-oldrel-windows-ix86+x86_64, r-oldrel-osx-x86_64