CRAN Package Check Results for Package circlize

Last updated on 2020-04-09 15:53:39 CEST.

Flavor Version Tinstall Tcheck Ttotal Status Flags
r-devel-linux-x86_64-debian-clang 0.4.8 12.83 82.96 95.79 OK
r-devel-linux-x86_64-debian-gcc 0.4.8 11.67 63.39 75.06 OK
r-devel-linux-x86_64-fedora-clang 0.4.8 111.95 OK
r-devel-linux-x86_64-fedora-gcc 0.4.8 117.33 OK
r-devel-windows-ix86+x86_64 0.4.8 19.00 129.00 148.00 OK
r-devel-windows-ix86+x86_64-gcc8 0.4.8 17.00 103.00 120.00 OK
r-patched-linux-x86_64 0.4.8 12.75 80.86 93.61 OK
r-patched-osx-x86_64 0.4.8 OK
r-patched-solaris-x86 0.4.8 151.30 OK
r-release-linux-x86_64 0.4.8 10.74 73.87 84.61 OK
r-release-windows-ix86+x86_64 0.4.8 18.00 136.00 154.00 OK
r-release-osx-x86_64 0.4.8 NOTE
r-oldrel-windows-ix86+x86_64 0.4.8 22.00 115.00 137.00 OK
r-oldrel-osx-x86_64 0.4.8 OK

Check Details

Version: 0.4.8
Check: package dependencies
Result: NOTE
    Package suggested but not available for checking: ‘ComplexHeatmap’
Flavor: r-release-osx-x86_64