CRAN Package Check Results for Package coalitions

Last updated on 2019-09-23 03:48:54 CEST.

Flavor Version Tinstall Tcheck Ttotal Status Flags
r-devel-linux-x86_64-debian-clang 0.6.10 7.46 93.56 101.02 OK
r-devel-linux-x86_64-debian-gcc 0.6.10 5.40 69.84 75.24 OK
r-devel-linux-x86_64-fedora-clang 0.6.10 125.15 OK
r-devel-linux-x86_64-fedora-gcc 0.6.10 119.53 ERROR
r-devel-windows-ix86+x86_64 0.6.10 29.00 154.00 183.00 OK
r-patched-linux-x86_64 0.6.10 7.07 89.11 96.18 OK
r-patched-solaris-x86 0.6.10 195.20 OK
r-release-linux-x86_64 0.6.10 6.87 89.56 96.43 OK
r-release-windows-ix86+x86_64 0.6.10 22.00 150.00 172.00 ERROR
r-release-osx-x86_64 0.6.10 OK
r-oldrel-windows-ix86+x86_64 0.6.10 10.00 106.00 116.00 OK
r-oldrel-osx-x86_64 0.6.10 OK

Check Details

Version: 0.6.10
Check: tests
Result: ERROR
     Running ‘testthat.R’ [15s/21s]
    Running the tests in ‘tests/testthat.R’ failed.
    Complete output:
     > library(testthat)
     > library(checkmate)
     > library(coalitions)
     >
     > test_check("coalitions")
     ── 1. Error: Austria scrapper works (@test-scrapers.R#93) ─────────────────────
     lexical error: invalid char in json text.
     <!DOCTYPE HTML PUBLIC "-//IETF/
     (right here) ------^
     1: scrape_austria() %>% unnest() %>% filter(date == as.Date("2019-07-06")) at testthat/test-scrapers.R:93
     2: eval(lhs, parent, parent)
     3: eval(lhs, parent, parent)
     4: scrape_austria()
     5: fromJSON(getURL(address) %>% str_replace("\\\"\\\"(.*)\\\"\\\",", "\"'\\1'\","))
     6: parse_and_simplify(txt = txt, simplifyVector = simplifyVector, simplifyDataFrame = simplifyDataFrame,
     simplifyMatrix = simplifyMatrix, flatten = flatten, ...)
     7: parseJSON(txt, bigint_as_char)
     8: parse_string(txt, bigint_as_char)
    
     ══ testthat results ═══════════════════════════════════════════════════════════
     [ OK: 76 | SKIPPED: 0 | WARNINGS: 49 | FAILED: 1 ]
     1. Error: Austria scrapper works (@test-scrapers.R#93)
    
     Error: testthat unit tests failed
     Execution halted
Flavor: r-devel-linux-x86_64-fedora-gcc

Version: 0.6.10
Check: tests
Result: ERROR
     Running 'testthat.R' [18s]
    Running the tests in 'tests/testthat.R' failed.
    Complete output:
     > library(testthat)
     > library(checkmate)
     > library(coalitions)
     >
     > test_check("coalitions")
     -- 1. Error: Austria scrapper works (@test-scrapers.R#93) ---------------------
     lexical error: invalid char in json text.
     <!DOCTYPE HTML PUBLIC "-//IETF/
     (right here) ------^
     1: scrape_austria() %>% unnest() %>% filter(date == as.Date("2019-07-06")) at testthat/test-scrapers.R:93
     2: eval(lhs, parent, parent)
     3: eval(lhs, parent, parent)
     4: scrape_austria()
     5: fromJSON(getURL(address) %>% str_replace("\\\"\\\"(.*)\\\"\\\",", "\"'\\1'\","))
     6: parse_and_simplify(txt = txt, simplifyVector = simplifyVector, simplifyDataFrame = simplifyDataFrame,
     simplifyMatrix = simplifyMatrix, flatten = flatten, ...)
     7: parseJSON(txt, bigint_as_char)
     8: parse_string(txt, bigint_as_char)
    
     == testthat results ===========================================================
     [ OK: 76 | SKIPPED: 0 | WARNINGS: 49 | FAILED: 1 ]
     1. Error: Austria scrapper works (@test-scrapers.R#93)
    
     Error: testthat unit tests failed
     Execution halted
Flavor: r-release-windows-ix86+x86_64