CRAN Package Check Results for Package collUtils

Last updated on 2020-09-30 03:47:25 CEST.

Flavor Version Tinstall Tcheck Ttotal Status Flags
r-devel-linux-x86_64-debian-clang 1.0.5 24.70 36.30 61.00 OK
r-devel-linux-x86_64-debian-gcc 1.0.5 16.89 27.68 44.57 OK
r-devel-linux-x86_64-fedora-clang 1.0.5 99.02 NOTE
r-devel-linux-x86_64-fedora-gcc 1.0.5 76.48 NOTE
r-devel-windows-ix86+x86_64 1.0.5 60.00 79.00 139.00 OK
r-patched-linux-x86_64 1.0.5 22.68 34.80 57.48 OK
r-patched-solaris-x86 1.0.5 89.60 OK
r-release-linux-x86_64 1.0.5 21.56 34.02 55.58 OK
r-release-macos-x86_64 1.0.5 OK
r-release-windows-ix86+x86_64 1.0.5 72.00 76.00 148.00 OK
r-oldrel-macos-x86_64 1.0.5 OK
r-oldrel-windows-ix86+x86_64 1.0.5 55.00 80.00 135.00 OK

Check Details

Version: 1.0.5
Check: compiled code
Result: NOTE
    File ‘collUtils/libs/collUtils.so’:
     Found no calls to: ‘R_registerRoutines’, ‘R_useDynamicSymbols’
    
    It is good practice to register native routines and to disable symbol
    search.
    
    See ‘Writing portable packages’ in the ‘Writing R Extensions’ manual.
Flavors: r-devel-linux-x86_64-fedora-clang, r-devel-linux-x86_64-fedora-gcc