CRAN Package Check Results for Package collidr

Last updated on 2020-01-24 14:47:43 CET.

Flavor Version Tinstall Tcheck Ttotal Status Flags
r-devel-linux-x86_64-debian-clang 0.1.2 6.54 40.21 46.75 OK
r-devel-linux-x86_64-debian-gcc 0.1.2 4.91 33.17 38.08 OK
r-devel-linux-x86_64-fedora-clang 0.1.2 59.09 NOTE
r-devel-linux-x86_64-fedora-gcc 0.1.2 56.76 NOTE
r-devel-windows-ix86+x86_64 0.1.2 12.00 88.00 100.00 OK
r-devel-windows-ix86+x86_64-gcc8 0.1.2 18.00 60.00 78.00 OK
r-patched-linux-x86_64 0.1.2 5.53 38.81 44.34 OK
r-patched-solaris-x86 0.1.2 86.30 NOTE
r-release-linux-x86_64 0.1.2 5.19 38.49 43.68 OK
r-release-windows-ix86+x86_64 0.1.2 10.00 82.00 92.00 OK
r-release-osx-x86_64 0.1.2 NOTE
r-oldrel-windows-ix86+x86_64 0.1.2 8.00 51.00 59.00 OK
r-oldrel-osx-x86_64 0.1.2 NOTE

Check Details

Version: 0.1.2
Check: data for non-ASCII characters
Result: NOTE
     Note: found 237 marked UTF-8 strings
Flavors: r-devel-linux-x86_64-fedora-clang, r-devel-linux-x86_64-fedora-gcc, r-patched-solaris-x86, r-release-osx-x86_64, r-oldrel-osx-x86_64