CRAN Package Check Results for Package coloc

Last updated on 2019-11-12 02:48:52 CET.

Flavor Version Tinstall Tcheck Ttotal Status Flags
r-devel-linux-x86_64-debian-clang 3.2-1 13.74 129.32 143.06 OK
r-devel-linux-x86_64-debian-gcc 3.2-1 12.12 98.41 110.53 OK
r-devel-linux-x86_64-fedora-clang 3.2-1 165.40 NOTE
r-devel-linux-x86_64-fedora-gcc 3.2-1 167.56 NOTE
r-devel-windows-ix86+x86_64 3.2-1 34.00 140.00 174.00 OK
r-patched-linux-x86_64 3.2-1 11.99 121.83 133.82 OK
r-patched-solaris-x86 3.2-1 229.20 NOTE
r-release-linux-x86_64 3.2-1 12.87 120.88 133.75 OK
r-release-windows-ix86+x86_64 3.2-1 36.00 191.00 227.00 OK
r-release-osx-x86_64 3.2-1 NOTE
r-oldrel-windows-ix86+x86_64 3.2-1 23.00 181.00 204.00 OK
r-oldrel-osx-x86_64 3.2-1 NOTE

Check Details

Version: 3.2-1
Check: dependencies in R code
Result: NOTE
    Namespace in Imports field not imported from: ‘data.table’
     All declared Imports should be used.
Flavors: r-devel-linux-x86_64-fedora-clang, r-devel-linux-x86_64-fedora-gcc, r-patched-solaris-x86, r-release-osx-x86_64, r-oldrel-osx-x86_64