CRAN Package Check Results for Package coloc

Last updated on 2020-05-26 03:48:15 CEST.

Flavor Version Tinstall Tcheck Ttotal Status Flags
r-devel-linux-x86_64-debian-clang 3.2-1 16.30 144.02 160.32 OK
r-devel-linux-x86_64-debian-gcc 3.2-1 14.44 107.91 122.35 OK
r-devel-linux-x86_64-fedora-clang 3.2-1 186.58 NOTE
r-devel-linux-x86_64-fedora-gcc 3.2-1 186.96 NOTE
r-devel-windows-ix86+x86_64 3.2-1 58.00 194.00 252.00 OK
r-patched-linux-x86_64 3.2-1 14.96 138.26 153.22 OK
r-patched-solaris-x86 3.2-1 262.50 NOTE
r-release-linux-x86_64 3.2-1 14.92 137.82 152.74 OK
r-release-osx-x86_64 3.2-1 NOTE
r-release-windows-ix86+x86_64 3.2-1 37.00 199.00 236.00 OK
r-oldrel-osx-x86_64 3.2-1 NOTE
r-oldrel-windows-ix86+x86_64 3.2-1 31.00 196.00 227.00 OK

Check Details

Version: 3.2-1
Check: dependencies in R code
Result: NOTE
    Namespace in Imports field not imported from: ‘data.table’
     All declared Imports should be used.
Flavors: r-devel-linux-x86_64-fedora-clang, r-devel-linux-x86_64-fedora-gcc, r-patched-solaris-x86, r-release-osx-x86_64, r-oldrel-osx-x86_64