CRAN Package Check Results for Package coloredICA

Last updated on 2020-04-07 03:48:05 CEST.

Flavor Version Tinstall Tcheck Ttotal Status Flags
r-devel-linux-x86_64-debian-clang 1.0.0 3.52 24.58 28.10 NOTE
r-devel-linux-x86_64-debian-gcc 1.0.0 2.72 19.41 22.13 NOTE
r-devel-linux-x86_64-fedora-clang 1.0.0 34.01 NOTE
r-devel-linux-x86_64-fedora-gcc 1.0.0 34.42 NOTE
r-devel-windows-ix86+x86_64 1.0.0 12.00 37.00 49.00 NOTE
r-devel-windows-ix86+x86_64-gcc8 1.0.0 7.00 38.00 45.00 NOTE
r-patched-linux-x86_64 1.0.0 3.87 24.47 28.34 NOTE
r-patched-solaris-x86 1.0.0 50.80 NOTE
r-release-linux-x86_64 1.0.0 2.24 22.26 24.50 NOTE
r-release-windows-ix86+x86_64 1.0.0 6.00 58.00 64.00 NOTE
r-release-osx-x86_64 1.0.0 NOTE
r-oldrel-windows-ix86+x86_64 1.0.0 6.00 35.00 41.00 NOTE
r-oldrel-osx-x86_64 1.0.0 NOTE

Check Details

Version: 1.0.0
Check: R code for possible problems
Result: NOTE
    cICA: no visible global function definition for 'mvfft'
    cICA: no visible global function definition for 'ar.yw'
    cICA: no visible global function definition for 'rnorm'
    scICA: no visible global function definition for 'rnorm'
    Undefined global functions or variables:
     ar.yw mvfft rnorm
    Consider adding
     importFrom("stats", "ar.yw", "mvfft", "rnorm")
    to your NAMESPACE file.
Flavors: r-devel-linux-x86_64-debian-clang, r-devel-linux-x86_64-debian-gcc, r-devel-linux-x86_64-fedora-clang, r-devel-linux-x86_64-fedora-gcc, r-devel-windows-ix86+x86_64, r-devel-windows-ix86+x86_64-gcc8, r-patched-linux-x86_64, r-patched-solaris-x86, r-release-linux-x86_64, r-release-windows-ix86+x86_64, r-release-osx-x86_64, r-oldrel-windows-ix86+x86_64, r-oldrel-osx-x86_64