CRAN Package Check Results for Package copula

Last updated on 2020-09-18 15:52:43 CEST.

Flavor Version Tinstall Tcheck Ttotal Status Flags
r-devel-linux-x86_64-debian-clang 1.0-0 52.88 843.52 896.40 OK
r-devel-linux-x86_64-debian-gcc 1.0-0 42.52 611.49 654.01 OK
r-devel-linux-x86_64-fedora-clang 1.0-0 1058.51 NOTE
r-devel-linux-x86_64-fedora-gcc 1.0-0 1062.58 OK
r-devel-windows-ix86+x86_64 1.0-0 2.00 10.00 12.00 ERROR --no-vignettes
r-patched-linux-x86_64 1.0-0 47.52 825.62 873.14 OK
r-patched-solaris-x86 1.0-0 1436.00 NOTE
r-release-linux-x86_64 1.0-0 47.91 828.41 876.32 OK
r-release-macos-x86_64 1.0-0 NOTE
r-release-windows-ix86+x86_64 1.0-0 103.00 741.00 844.00 NOTE --no-vignettes
r-oldrel-macos-x86_64 1.0-0 NOTE
r-oldrel-windows-ix86+x86_64 1.0-0 68.00 888.00 956.00 NOTE --no-vignettes

Check Details

Version: 1.0-0
Check: installed package size
Result: NOTE
     installed size is 8.7Mb
     sub-directories of 1Mb or more:
     R 2.1Mb
     doc 4.3Mb
Flavors: r-devel-linux-x86_64-fedora-clang, r-patched-solaris-x86, r-release-macos-x86_64, r-oldrel-macos-x86_64

Version: 1.0-0
Flags: --no-vignettes
Check: whether package can be installed
Result: ERROR
    Installation failed.
Flavor: r-devel-windows-ix86+x86_64

Version: 1.0-0
Flags: --no-vignettes
Check: installed package size
Result: NOTE
     installed size is 8.4Mb
     sub-directories of 1Mb or more:
     R 2.1Mb
     doc 4.3Mb
Flavors: r-release-windows-ix86+x86_64, r-oldrel-windows-ix86+x86_64