CRAN Package Check Results for Package coreNLP

Last updated on 2019-09-21 15:46:47 CEST.

Flavor Version Tinstall Tcheck Ttotal Status Flags
r-devel-linux-x86_64-debian-clang 0.4-2 3.97 32.57 36.54 OK
r-devel-linux-x86_64-debian-gcc 0.4-2 3.36 26.11 29.47 OK
r-devel-linux-x86_64-fedora-clang 0.4-2 45.05 OK
r-devel-linux-x86_64-fedora-gcc 0.4-2 44.50 OK
r-devel-windows-ix86+x86_64 0.4-2 8.00 8.00 16.00 ERROR
r-patched-linux-x86_64 0.4-2 3.21 32.19 35.40 OK
r-patched-solaris-x86 0.4-2 65.20 OK
r-release-linux-x86_64 0.4-2 3.45 32.57 36.02 OK
r-release-windows-ix86+x86_64 0.4-2 12.00 59.00 71.00 OK
r-release-osx-x86_64 0.4-2 OK
r-oldrel-windows-ix86+x86_64 0.4-2 5.00 62.00 67.00 OK
r-oldrel-osx-x86_64 0.4-2 OK

Check Details

Version: 0.4-2
Check: whether package can be installed
Result: ERROR
    Installation failed.
Flavor: r-devel-windows-ix86+x86_64