CRAN Package Check Results for Package corpustools

Last updated on 2019-10-23 15:47:23 CEST.

Flavor Version Tinstall Tcheck Ttotal Status Flags
r-devel-linux-x86_64-debian-clang 0.3.3 81.32 100.07 181.39 OK
r-devel-linux-x86_64-debian-gcc 0.3.3 56.44 87.66 144.10 OK
r-devel-linux-x86_64-fedora-clang 0.3.3 225.04 NOTE
r-devel-linux-x86_64-fedora-gcc 0.3.3 208.43 NOTE
r-devel-windows-ix86+x86_64 0.3.3 146.00 143.00 289.00 OK
r-patched-linux-x86_64 0.3.3 65.75 95.12 160.87 OK
r-patched-solaris-x86 0.3.3 229.10 NOTE
r-release-linux-x86_64 0.3.3 61.85 98.40 160.25 OK
r-release-windows-ix86+x86_64 0.3.3 190.00 151.00 341.00 OK
r-release-osx-x86_64 0.3.3 NOTE
r-oldrel-windows-ix86+x86_64 0.3.3 178.00 166.00 344.00 OK
r-oldrel-osx-x86_64 0.3.3 NOTE

Additional issues

valgrind

Check Details

Version: 0.3.3
Check: data for non-ASCII characters
Result: NOTE
     Note: found 438 marked UTF-8 strings
Flavors: r-devel-linux-x86_64-fedora-clang, r-devel-linux-x86_64-fedora-gcc, r-patched-solaris-x86, r-release-osx-x86_64, r-oldrel-osx-x86_64