CRAN Package Check Results for Package corpustools

Last updated on 2020-05-25 03:47:36 CEST.

Flavor Version Tinstall Tcheck Ttotal Status Flags
r-devel-linux-x86_64-debian-clang 0.4.2 101.17 160.49 261.66 OK
r-devel-linux-x86_64-debian-gcc 0.4.2 73.20 129.18 202.38 OK
r-devel-linux-x86_64-fedora-clang 0.4.2 308.00 NOTE
r-devel-linux-x86_64-fedora-gcc 0.4.2 282.82 NOTE
r-devel-windows-ix86+x86_64 0.4.2 237.00 265.00 502.00 OK
r-patched-linux-x86_64 0.4.2 70.35 146.47 216.82 OK
r-patched-solaris-x86 0.4.2 308.80 NOTE
r-release-linux-x86_64 0.4.2 77.59 146.69 224.28 OK
r-release-osx-x86_64 0.4.2 NOTE
r-release-windows-ix86+x86_64 0.4.2 206.00 261.00 467.00 OK
r-oldrel-osx-x86_64 0.4.2 NOTE
r-oldrel-windows-ix86+x86_64 0.4.2 185.00 246.00 431.00 OK

Check Details

Version: 0.4.2
Check: data for non-ASCII characters
Result: NOTE
     Note: found 532 marked UTF-8 strings
Flavors: r-devel-linux-x86_64-fedora-clang, r-devel-linux-x86_64-fedora-gcc, r-patched-solaris-x86, r-release-osx-x86_64, r-oldrel-osx-x86_64