CRAN Package Check Results for Package cowsay

Last updated on 2019-12-13 02:46:48 CET.

Flavor Version Tinstall Tcheck Ttotal Status Flags
r-devel-linux-x86_64-debian-clang 0.7.0 2.16 24.35 26.51 OK
r-devel-linux-x86_64-debian-gcc 0.7.0 1.74 19.78 21.52 OK
r-devel-linux-x86_64-fedora-clang 0.7.0 33.73 OK
r-devel-linux-x86_64-fedora-gcc 0.7.0 32.05 OK
r-devel-windows-ix86+x86_64 0.7.0 5.00 65.00 70.00 OK
r-devel-windows-ix86+x86_64-gcc8 0.7.0 6.00 56.00 62.00 OK
r-patched-linux-x86_64 0.7.0 1.75 23.05 24.80 OK
r-patched-solaris-x86 0.7.0 45.80 OK
r-release-linux-x86_64 0.7.0 1.76 22.33 24.09 OK
r-release-windows-ix86+x86_64 0.7.0 8.00 38.00 46.00 WARN
r-release-osx-x86_64 0.7.0 OK
r-oldrel-windows-ix86+x86_64 0.7.0 3.00 41.00 44.00 WARN
r-oldrel-osx-x86_64 0.7.0 OK

Check Details

Version: 0.7.0
Check: re-building of vignette outputs
Result: WARN
    Error(s) in re-building vignettes:
    --- re-building 'cowsay_tutorial.Rmd' using rmarkdown
    Quitting from lines 130-135 (cowsay_tutorial.Rmd)
    Error: processing vignette 'cowsay_tutorial.Rmd' failed with diagnostics:
    If you're on Windows, you can't use:
    anxiouscat
    fish
    grumpycat
    longcat
    longtailcat
    mushroom
    shortcat
    signbunny
    stretchycat
    --- failed re-building 'cowsay_tutorial.Rmd'
    
    SUMMARY: processing the following file failed:
     'cowsay_tutorial.Rmd'
    
    Error: Vignette re-building failed.
    Execution halted
Flavor: r-release-windows-ix86+x86_64

Version: 0.7.0
Check: re-building of vignette outputs
Result: WARN
    Error in re-building vignettes:
     ...
    Quitting from lines 139-144 (cowsay_tutorial.Rmd)
    Error: processing vignette 'cowsay_tutorial.Rmd' failed with diagnostics:
    If you're on Windows, you can't use:
    anxiouscat
    fish
    grumpycat
    longcat
    longtailcat
    mushroom
    shortcat
    signbunny
    stretchycat
    Execution halted
Flavor: r-oldrel-windows-ix86+x86_64