CRAN Package Check Results for Package crs

Last updated on 2020-09-20 03:47:22 CEST.

Flavor Version Tinstall Tcheck Ttotal Status Flags
r-devel-linux-x86_64-debian-clang 0.15-31.1 237.03 190.96 427.99 OK
r-devel-linux-x86_64-debian-gcc 0.15-31.1 228.88 150.24 379.12 OK
r-devel-linux-x86_64-fedora-clang 0.15-31.1 669.79 NOTE
r-devel-linux-x86_64-fedora-gcc 0.15-31.1 635.39 OK
r-devel-windows-ix86+x86_64 0.15-31.1 616.00 215.00 831.00 NOTE --no-vignettes
r-patched-linux-x86_64 0.15-31.1 252.70 190.56 443.26 OK
r-patched-solaris-x86 0.15-31.1 958.50 NOTE
r-release-linux-x86_64 0.15-31.1 249.30 192.51 441.81 OK
r-release-macos-x86_64 0.15-31.1 NOTE
r-release-windows-ix86+x86_64 0.15-31.1 598.00 177.00 775.00 NOTE --no-vignettes
r-oldrel-macos-x86_64 0.15-31.1 WARN
r-oldrel-windows-ix86+x86_64 0.15-31.1 438.00 215.00 653.00 NOTE --no-vignettes

Check Details

Version: 0.15-31.1
Check: installed package size
Result: NOTE
     installed size is 29.9Mb
     sub-directories of 1Mb or more:
     doc 1.2Mb
     libs 27.8Mb
Flavors: r-devel-linux-x86_64-fedora-clang, r-patched-solaris-x86, r-release-macos-x86_64, r-oldrel-macos-x86_64

Version: 0.15-31.1
Flags: --no-vignettes
Check: installed package size
Result: NOTE
     installed size is 8.3Mb
     sub-directories of 1Mb or more:
     doc 1.1Mb
     libs 6.3Mb
Flavors: r-devel-windows-ix86+x86_64, r-release-windows-ix86+x86_64, r-oldrel-windows-ix86+x86_64

Version: 0.15-31.1
Check: whether package can be installed
Result: WARN
    Found the following significant warnings:
     Warning: 'rgl_init' failed, running with rgl.useNULL = TRUE
Flavor: r-oldrel-macos-x86_64

Version: 0.15-31.1
Check: dependencies in R code
Result: NOTE
    No protocol specified
Flavor: r-oldrel-macos-x86_64

Version: 0.15-31.1
Check: S3 generic/method consistency
Result: WARN
    No protocol specified
    See section ‘Generic functions and methods’ in the ‘Writing R
    Extensions’ manual.
Flavor: r-oldrel-macos-x86_64

Version: 0.15-31.1
Check: replacement functions
Result: WARN
    No protocol specified
    The argument of a replacement function which corresponds to the right
    hand side must be named ‘value’.
Flavor: r-oldrel-macos-x86_64

Version: 0.15-31.1
Check: foreign function calls
Result: NOTE
    No protocol specified
    See chapter ‘System and foreign language interfaces’ in the ‘Writing R
    Extensions’ manual.
Flavor: r-oldrel-macos-x86_64

Version: 0.15-31.1
Check: R code for possible problems
Result: NOTE
    No protocol specified
Flavor: r-oldrel-macos-x86_64

Version: 0.15-31.1
Check: for missing documentation entries
Result: WARN
    No protocol specified
    All user-level objects in a package should have documentation entries.
    See chapter ‘Writing R documentation files’ in the ‘Writing R
    Extensions’ manual.
Flavor: r-oldrel-macos-x86_64

Version: 0.15-31.1
Check: for code/documentation mismatches
Result: WARN
    No protocol specified
    No protocol specified
    No protocol specified
Flavor: r-oldrel-macos-x86_64

Version: 0.15-31.1
Check: Rd \usage sections
Result: NOTE
    No protocol specified
    The \usage entries for S3 methods should use the \method markup and not
    their full name.
    See chapter ‘Writing R documentation files’ in the ‘Writing R
    Extensions’ manual.
Flavor: r-oldrel-macos-x86_64