CRAN Package Check Results for Package crs

Last updated on 2020-01-26 02:48:45 CET.

Flavor Version Tinstall Tcheck Ttotal Status Flags
r-devel-linux-x86_64-debian-clang 0.15-31.1 228.24 185.11 413.35 OK
r-devel-linux-x86_64-debian-gcc 0.15-31.1 232.12 146.01 378.13 OK
r-devel-linux-x86_64-fedora-clang 0.15-31.1 620.26 NOTE
r-devel-linux-x86_64-fedora-gcc 0.15-31.1 631.64 OK
r-devel-windows-ix86+x86_64 0.15-31.1 711.00 254.00 965.00 NOTE --no-vignettes
r-devel-windows-ix86+x86_64-gcc8 0.15-31.1 647.00 271.00 918.00 NOTE --no-vignettes
r-patched-linux-x86_64 0.15-31.1 227.48 170.01 397.49 OK
r-patched-solaris-x86 0.15-31.1 804.80 NOTE
r-release-linux-x86_64 0.15-31.1 230.98 171.07 402.05 OK
r-release-windows-ix86+x86_64 0.15-31.1 513.00 227.00 740.00 NOTE --no-vignettes
r-release-osx-x86_64 0.15-31.1 WARN
r-oldrel-windows-ix86+x86_64 0.15-31.1 366.00 209.00 575.00 NOTE --no-vignettes
r-oldrel-osx-x86_64 0.15-31.1 WARN

Check Details

Version: 0.15-31.1
Check: installed package size
Result: NOTE
     installed size is 27.7Mb
     sub-directories of 1Mb or more:
     doc 1.2Mb
     libs 25.7Mb
Flavors: r-devel-linux-x86_64-fedora-clang, r-patched-solaris-x86, r-release-osx-x86_64, r-oldrel-osx-x86_64

Version: 0.15-31.1
Flags: --no-vignettes
Check: installed package size
Result: NOTE
     installed size is 7.8Mb
     sub-directories of 1Mb or more:
     doc 1.1Mb
     libs 5.8Mb
Flavors: r-devel-windows-ix86+x86_64, r-devel-windows-ix86+x86_64-gcc8, r-release-windows-ix86+x86_64, r-oldrel-windows-ix86+x86_64

Version: 0.15-31.1
Check: whether package can be installed
Result: WARN
    Found the following significant warnings:
     Warning: 'rgl_init' failed, running with rgl.useNULL = TRUE
Flavors: r-release-osx-x86_64, r-oldrel-osx-x86_64

Version: 0.15-31.1
Check: dependencies in R code
Result: NOTE
    No protocol specified
Flavors: r-release-osx-x86_64, r-oldrel-osx-x86_64

Version: 0.15-31.1
Check: S3 generic/method consistency
Result: WARN
    No protocol specified
    See section ‘Generic functions and methods’ in the ‘Writing R
    Extensions’ manual.
Flavors: r-release-osx-x86_64, r-oldrel-osx-x86_64

Version: 0.15-31.1
Check: replacement functions
Result: WARN
    No protocol specified
    The argument of a replacement function which corresponds to the right
    hand side must be named ‘value’.
Flavors: r-release-osx-x86_64, r-oldrel-osx-x86_64

Version: 0.15-31.1
Check: foreign function calls
Result: NOTE
    No protocol specified
    See chapter ‘System and foreign language interfaces’ in the ‘Writing R
    Extensions’ manual.
Flavors: r-release-osx-x86_64, r-oldrel-osx-x86_64

Version: 0.15-31.1
Check: R code for possible problems
Result: NOTE
    No protocol specified
Flavors: r-release-osx-x86_64, r-oldrel-osx-x86_64

Version: 0.15-31.1
Check: for missing documentation entries
Result: WARN
    No protocol specified
    All user-level objects in a package should have documentation entries.
    See chapter ‘Writing R documentation files’ in the ‘Writing R
    Extensions’ manual.
Flavors: r-release-osx-x86_64, r-oldrel-osx-x86_64

Version: 0.15-31.1
Check: for code/documentation mismatches
Result: WARN
    No protocol specified
    No protocol specified
    No protocol specified
Flavors: r-release-osx-x86_64, r-oldrel-osx-x86_64

Version: 0.15-31.1
Check: Rd \usage sections
Result: NOTE
    No protocol specified
    The \usage entries for S3 methods should use the \method markup and not
    their full name.
    See chapter ‘Writing R documentation files’ in the ‘Writing R
    Extensions’ manual.
Flavors: r-release-osx-x86_64, r-oldrel-osx-x86_64