CRAN Package Check Results for Package curvHDR

Last updated on 2020-01-18 02:47:38 CET.

Flavor Version Tinstall Tcheck Ttotal Status Flags
r-devel-linux-x86_64-debian-clang 1.2-1 13.18 88.29 101.47 OK
r-devel-linux-x86_64-debian-gcc 1.2-1 10.53 69.52 80.05 OK
r-devel-linux-x86_64-fedora-clang 1.2-1 123.63 OK
r-devel-linux-x86_64-fedora-gcc 1.2-1 120.88 OK
r-devel-windows-ix86+x86_64 1.2-1 51.00 368.00 419.00 OK
r-devel-windows-ix86+x86_64-gcc8 1.2-1 30.00 626.00 656.00 OK
r-patched-linux-x86_64 1.2-1 10.75 82.48 93.23 OK
r-patched-solaris-x86 1.2-1 198.00 OK
r-release-linux-x86_64 1.2-1 10.82 82.48 93.30 OK
r-release-windows-ix86+x86_64 1.2-1 42.00 608.00 650.00 OK
r-release-osx-x86_64 1.2-1 WARN
r-oldrel-windows-ix86+x86_64 1.2-1 22.00 126.00 148.00 OK
r-oldrel-osx-x86_64 1.2-1 OK

Check Details

Version: 1.2-1
Check: whether package can be installed
Result: WARN
    Found the following significant warnings:
     Warning: 'rgl_init' failed, running with rgl.useNULL = TRUE
Flavor: r-release-osx-x86_64