CRAN Package Check Results for Package cvAUC

Last updated on 2020-04-04 15:48:14 CEST.

Flavor Version Tinstall Tcheck Ttotal Status Flags
r-devel-linux-x86_64-debian-clang 1.1.0 3.10 30.62 33.72 NOTE
r-devel-linux-x86_64-debian-gcc 1.1.0 2.49 24.50 26.99 NOTE
r-devel-linux-x86_64-fedora-clang 1.1.0 38.95 NOTE
r-devel-linux-x86_64-fedora-gcc 1.1.0 38.41 NOTE
r-devel-windows-ix86+x86_64 1.1.0 6.00 43.00 49.00 NOTE
r-devel-windows-ix86+x86_64-gcc8 1.1.0 6.00 40.00 46.00 NOTE
r-patched-linux-x86_64 1.1.0 2.74 28.93 31.67 NOTE
r-patched-solaris-x86 1.1.0 61.50 NOTE
r-release-linux-x86_64 1.1.0 2.08 27.98 30.06 NOTE
r-release-windows-ix86+x86_64 1.1.0 6.00 62.00 68.00 NOTE
r-release-osx-x86_64 1.1.0 NOTE
r-oldrel-windows-ix86+x86_64 1.1.0 5.00 43.00 48.00 NOTE
r-oldrel-osx-x86_64 1.1.0 NOTE

Check Details

Version: 1.1.0
Check: R code for possible problems
Result: NOTE
    ci.cvAUC: no visible global function definition for 'qnorm'
    ci.pooled.cvAUC: no visible global function definition for 'qnorm'
    Undefined global functions or variables:
     qnorm
    Consider adding
     importFrom("stats", "qnorm")
    to your NAMESPACE file.
Flavors: r-devel-linux-x86_64-debian-clang, r-devel-linux-x86_64-debian-gcc, r-devel-linux-x86_64-fedora-clang, r-devel-linux-x86_64-fedora-gcc, r-devel-windows-ix86+x86_64, r-devel-windows-ix86+x86_64-gcc8, r-patched-linux-x86_64, r-patched-solaris-x86, r-release-linux-x86_64, r-release-windows-ix86+x86_64, r-release-osx-x86_64, r-oldrel-windows-ix86+x86_64, r-oldrel-osx-x86_64