CRAN Package Check Results for Package dMod

Last updated on 2020-05-25 03:47:37 CEST.

Flavor Version Tinstall Tcheck Ttotal Status Flags
r-devel-linux-x86_64-debian-clang 1.0.1 13.71 170.37 184.08 NOTE
r-devel-linux-x86_64-debian-gcc 1.0.1 11.73 123.20 134.93 NOTE
r-devel-linux-x86_64-fedora-clang 1.0.1 207.65 NOTE
r-devel-linux-x86_64-fedora-gcc 1.0.1 208.15 NOTE
r-devel-windows-ix86+x86_64 1.0.1 50.00 181.00 231.00 NOTE
r-patched-linux-x86_64 1.0.1 14.49 165.12 179.61 NOTE
r-patched-solaris-x86 1.0.1 275.90 NOTE
r-release-linux-x86_64 1.0.1 14.19 164.26 178.45 NOTE
r-release-osx-x86_64 1.0.1 OK
r-release-windows-ix86+x86_64 1.0.1 31.00 243.00 274.00 NOTE
r-oldrel-osx-x86_64 1.0.1 OK
r-oldrel-windows-ix86+x86_64 1.0.1 26.00 237.00 263.00 NOTE

Check Details

Version: 1.0.1
Check: package dependencies
Result: NOTE
    Package suggested but not available for checking: 'rPython'
Flavors: r-devel-linux-x86_64-debian-clang, r-devel-linux-x86_64-debian-gcc, r-devel-linux-x86_64-fedora-clang, r-devel-linux-x86_64-fedora-gcc, r-devel-windows-ix86+x86_64, r-patched-linux-x86_64, r-patched-solaris-x86, r-release-linux-x86_64, r-release-windows-ix86+x86_64, r-oldrel-windows-ix86+x86_64