CRAN Package Check Results for Package dMod

Last updated on 2019-10-23 15:47:24 CEST.

Flavor Version Tinstall Tcheck Ttotal Status Flags
r-devel-linux-x86_64-debian-clang 1.0.0 12.59 156.63 169.22 OK
r-devel-linux-x86_64-debian-gcc 1.0.0 10.40 118.53 128.93 OK
r-devel-linux-x86_64-fedora-clang 1.0.0 194.66 OK
r-devel-linux-x86_64-fedora-gcc 1.0.0 189.63 OK
r-devel-windows-ix86+x86_64 1.0.0 22.00 235.00 257.00 NOTE
r-patched-linux-x86_64 1.0.0 11.00 152.07 163.07 OK
r-patched-solaris-x86 1.0.0 208.40 OK
r-release-linux-x86_64 1.0.0 12.50 151.81 164.31 OK
r-release-windows-ix86+x86_64 1.0.0 30.00 238.00 268.00 NOTE
r-release-osx-x86_64 1.0.0 OK
r-oldrel-windows-ix86+x86_64 1.0.0 28.00 246.00 274.00 NOTE
r-oldrel-osx-x86_64 1.0.0 OK

Check Details

Version: 1.0.0
Check: package dependencies
Result: NOTE
    Package suggested but not available for checking: 'rPython'
Flavors: r-devel-windows-ix86+x86_64, r-release-windows-ix86+x86_64, r-oldrel-windows-ix86+x86_64