CRAN Package Check Results for Package dSVA

Last updated on 2019-09-21 03:48:21 CEST.

Flavor Version Tinstall Tcheck Ttotal Status Flags
r-devel-linux-x86_64-debian-clang 1.0 15.56 164.31 179.87 OK
r-devel-linux-x86_64-debian-gcc 1.0 15.79 129.67 145.46 OK
r-devel-linux-x86_64-fedora-clang 1.0 219.25 OK
r-devel-linux-x86_64-fedora-gcc 1.0 215.40 OK
r-devel-windows-ix86+x86_64 1.0 46.00 220.00 266.00 OK
r-patched-linux-x86_64 1.0 15.83 156.08 171.91 OK
r-patched-solaris-x86 1.0 359.70 OK
r-release-linux-x86_64 1.0 17.89 157.83 175.72 OK
r-release-windows-ix86+x86_64 1.0 30.00 218.00 248.00 OK
r-release-osx-x86_64 1.0 ERROR
r-oldrel-windows-ix86+x86_64 1.0 18.00 149.00 167.00 OK
r-oldrel-osx-x86_64 1.0 OK

Check Details

Version: 1.0
Check: package dependencies
Result: ERROR
    Package required but not available: ‘sva’
    
    See section ‘The DESCRIPTION file’ in the ‘Writing R Extensions’
    manual.
Flavor: r-release-osx-x86_64