CRAN Package Check Results for Package data.tree

Last updated on 2020-09-24 15:48:26 CEST.

Flavor Version Tinstall Tcheck Ttotal Status Flags
r-devel-linux-x86_64-debian-clang 1.0.0 5.70 96.39 102.09 OK
r-devel-linux-x86_64-debian-gcc 1.0.0 4.44 76.13 80.57 OK
r-devel-linux-x86_64-fedora-clang 1.0.0 127.60 OK
r-devel-linux-x86_64-fedora-gcc 1.0.0 118.44 OK
r-devel-windows-ix86+x86_64 1.0.0 10.00 133.00 143.00 OK
r-patched-linux-x86_64 1.0.0 5.57 92.49 98.06 OK
r-patched-solaris-x86 1.0.0 165.30 WARN
r-release-linux-x86_64 1.0.0 6.62 92.31 98.93 OK
r-release-macos-x86_64 1.0.0 WARN
r-release-windows-ix86+x86_64 1.0.0 8.00 132.00 140.00 OK
r-oldrel-macos-x86_64 1.0.0 WARN
r-oldrel-windows-ix86+x86_64 1.0.0 7.00 129.00 136.00 OK

Check Details

Version: 1.0.0
Check: re-building of vignette outputs
Result: WARN
    Error(s) in re-building vignettes:
     ...
    --- re-building ‘applications.Rmd’ using rmarkdown
    Warning in engine$weave(file, quiet = quiet, encoding = enc) :
     Pandoc (>= 1.12.3) and/or pandoc-citeproc not available. Falling back to R Markdown v1.
    --- finished re-building ‘applications.Rmd’
    
    --- re-building ‘data.tree.Rmd’ using rmarkdown
    Warning in engine$weave(file, quiet = quiet, encoding = enc) :
     Pandoc (>= 1.12.3) and/or pandoc-citeproc not available. Falling back to R Markdown v1.
    Quitting from lines 513-516 (data.tree.Rmd)
    Error: processing vignette 'data.tree.Rmd' failed with diagnostics:
    there is no package called 'webshot'
    --- failed re-building ‘data.tree.Rmd’
    
    SUMMARY: processing the following file failed:
     ‘data.tree.Rmd’
    
    Error: Vignette re-building failed.
    Execution halted
Flavor: r-patched-solaris-x86

Version: 1.0.0
Check: re-building of vignette outputs
Result: WARN
    Error(s) in re-building vignettes:
     ...
    --- re-building ‘applications.Rmd’ using rmarkdown
    Warning in engine$weave(file, quiet = quiet, encoding = enc) :
     Pandoc (>= 1.12.3) and/or pandoc-citeproc not available. Falling back to R Markdown v1.
    --- finished re-building ‘applications.Rmd’
    
    --- re-building ‘data.tree.Rmd’ using rmarkdown
    Warning in engine$weave(file, quiet = quiet, encoding = enc) :
     Pandoc (>= 1.12.3) and/or pandoc-citeproc not available. Falling back to R Markdown v1.
    PhantomJS not found. You can install it with webshot::install_phantomjs(). If it is installed, please make sure the phantomjs executable can be found via the PATH variable.
    Warning in normalizePath(f2) :
     path[1]="webshot42ce5d62669.png": No such file or directory
    Warning in file(con, "rb") :
     cannot open file 'webshot42ce5d62669.png': No such file or directory
    Quitting from lines 513-516 (data.tree.Rmd)
    Error: processing vignette 'data.tree.Rmd' failed with diagnostics:
    cannot open the connection
    --- failed re-building ‘data.tree.Rmd’
    
    SUMMARY: processing the following file failed:
     ‘data.tree.Rmd’
    
    Error: Vignette re-building failed.
    Execution halted
Flavor: r-release-macos-x86_64

Version: 1.0.0
Check: re-building of vignette outputs
Result: WARN
    Error(s) in re-building vignettes:
     ...
    --- re-building ‘applications.Rmd’ using rmarkdown
    Warning in engine$weave(file, quiet = quiet, encoding = enc) :
     Pandoc (>= 1.12.3) and/or pandoc-citeproc not available. Falling back to R Markdown v1.
    --- finished re-building ‘applications.Rmd’
    
    --- re-building ‘data.tree.Rmd’ using rmarkdown
    Warning in engine$weave(file, quiet = quiet, encoding = enc) :
     Pandoc (>= 1.12.3) and/or pandoc-citeproc not available. Falling back to R Markdown v1.
    PhantomJS not found. You can install it with webshot::install_phantomjs(). If it is installed, please make sure the phantomjs executable can be found via the PATH variable.
    Warning in normalizePath(f2) :
     path[1]="webshotcaab7296c7fb.png": No such file or directory
    Warning in file(con, "rb") :
     cannot open file 'webshotcaab7296c7fb.png': No such file or directory
    Quitting from lines 513-516 (data.tree.Rmd)
    Error: processing vignette 'data.tree.Rmd' failed with diagnostics:
    cannot open the connection
    --- failed re-building ‘data.tree.Rmd’
    
    SUMMARY: processing the following file failed:
     ‘data.tree.Rmd’
    
    Error: Vignette re-building failed.
    Execution halted
Flavor: r-oldrel-macos-x86_64