CRAN Package Check Results for Package data.tree

Last updated on 2020-07-05 15:50:20 CEST.

Flavor Version Tinstall Tcheck Ttotal Status Flags
r-devel-linux-x86_64-debian-clang 0.7.11 5.71 88.55 94.26 OK
r-devel-linux-x86_64-debian-gcc 0.7.11 4.91 70.78 75.69 OK
r-devel-linux-x86_64-fedora-clang 0.7.11 117.86 OK
r-devel-linux-x86_64-fedora-gcc 0.7.11 108.23 OK
r-devel-windows-ix86+x86_64 0.7.11 15.00 155.00 170.00 OK
r-patched-linux-x86_64 0.7.11 5.31 86.82 92.13 OK
r-patched-solaris-x86 0.7.11 144.50 WARN
r-release-linux-x86_64 0.7.11 5.22 86.29 91.51 OK
r-release-osx-x86_64 0.7.11 OK
r-release-windows-ix86+x86_64 0.7.11 13.00 103.00 116.00 OK
r-oldrel-osx-x86_64 0.7.11 WARN
r-oldrel-windows-ix86+x86_64 0.7.11 11.00 159.00 170.00 OK

Check Details

Version: 0.7.11
Check: re-building of vignette outputs
Result: WARN
    Error(s) in re-building vignettes:
     ...
    --- re-building ‘applications.Rmd’ using rmarkdown
    Warning in engine$weave(file, quiet = quiet, encoding = enc) :
     Pandoc (>= 1.12.3) and/or pandoc-citeproc not available. Falling back to R Markdown v1.
    --- finished re-building ‘applications.Rmd’
    
    --- re-building ‘data.tree.Rmd’ using rmarkdown
    Warning in engine$weave(file, quiet = quiet, encoding = enc) :
     Pandoc (>= 1.12.3) and/or pandoc-citeproc not available. Falling back to R Markdown v1.
    Quitting from lines 513-516 (data.tree.Rmd)
    Error: processing vignette 'data.tree.Rmd' failed with diagnostics:
    there is no package called 'webshot'
    --- failed re-building ‘data.tree.Rmd’
    
    SUMMARY: processing the following file failed:
     ‘data.tree.Rmd’
    
    Error: Vignette re-building failed.
    Execution halted
Flavor: r-patched-solaris-x86

Version: 0.7.11
Check: re-building of vignette outputs
Result: WARN
    Error(s) in re-building vignettes:
     ...
    --- re-building ‘applications.Rmd’ using rmarkdown
    Warning in engine$weave(file, quiet = quiet, encoding = enc) :
     Pandoc (>= 1.12.3) and/or pandoc-citeproc not available. Falling back to R Markdown v1.
    --- finished re-building ‘applications.Rmd’
    
    --- re-building ‘data.tree.Rmd’ using rmarkdown
    Warning in engine$weave(file, quiet = quiet, encoding = enc) :
     Pandoc (>= 1.12.3) and/or pandoc-citeproc not available. Falling back to R Markdown v1.
    PhantomJS not found. You can install it with webshot::install_phantomjs(). If it is installed, please make sure the phantomjs executable can be found via the PATH variable.
    Warning in normalizePath(f2) :
     path[1]="webshot157e81cd7762b.png": No such file or directory
    Warning in file(con, "rb") :
     cannot open file 'webshot157e81cd7762b.png': No such file or directory
    Quitting from lines 513-516 (data.tree.Rmd)
    Error: processing vignette 'data.tree.Rmd' failed with diagnostics:
    cannot open the connection
    --- failed re-building ‘data.tree.Rmd’
    
    SUMMARY: processing the following file failed:
     ‘data.tree.Rmd’
    
    Error: Vignette re-building failed.
    Execution halted
Flavor: r-oldrel-osx-x86_64