CRAN Package Check Results for Package dataMaid

Last updated on 2019-09-18 03:47:36 CEST.

Flavor Version Tinstall Tcheck Ttotal Status Flags
r-devel-linux-x86_64-debian-clang 1.3.2 7.41 67.39 74.80 OK
r-devel-linux-x86_64-debian-gcc 1.3.2 6.29 51.87 58.16 OK
r-devel-linux-x86_64-fedora-clang 1.3.2 90.78 OK
r-devel-linux-x86_64-fedora-gcc 1.3.2 88.06 OK
r-devel-windows-ix86+x86_64 1.3.2 35.00 126.00 161.00 OK
r-patched-linux-x86_64 1.3.2 6.92 66.74 73.66 OK
r-patched-solaris-x86 1.3.2 116.70 WARN
r-release-linux-x86_64 1.3.2 7.05 66.19 73.24 OK
r-release-windows-ix86+x86_64 1.3.2 17.00 87.00 104.00 OK
r-release-osx-x86_64 1.3.2 WARN
r-oldrel-windows-ix86+x86_64 1.3.2 17.00 84.00 101.00 OK
r-oldrel-osx-x86_64 1.3.2 WARN

Check Details

Version: 1.3.2
Check: re-building of vignette outputs
Result: WARN
    Error(s) in re-building vignettes:
     ...
    --- re-building ‘extending_dataMaid.Rmd’ using rmarkdown
    Warning in engine$weave(file, quiet = quiet, encoding = enc) :
     Pandoc (>= 1.12.3) and/or pandoc-citeproc not available. Falling back to R Markdown v1.
    sh: whoami: not found
    sh: git: not found
    sh: git: not found
    Data report generation is finished. Please wait while your output file is being rendered.
    Quitting from lines 729-768 (extending_dataMaid.Rmd)
    Error: processing vignette 'extending_dataMaid.Rmd' failed with diagnostics:
    pandoc version 1.12.3 or higher is required and was not found (see the help page ?rmarkdown::pandoc_available).
    --- failed re-building ‘extending_dataMaid.Rmd’
    
    SUMMARY: processing the following file failed:
     ‘extending_dataMaid.Rmd’
    
    Error: Vignette re-building failed.
    Execution halted
Flavor: r-patched-solaris-x86

Version: 1.3.2
Check: re-building of vignette outputs
Result: WARN
    Error(s) in re-building vignettes:
     ...
    --- re-building ‘extending_dataMaid.Rmd’ using rmarkdown
    Warning in engine$weave(file, quiet = quiet, encoding = enc) :
     Pandoc (>= 1.12.3) and/or pandoc-citeproc not available. Falling back to R Markdown v1.
    Data report generation is finished. Please wait while your output file is being rendered.
    Quitting from lines 729-768 (extending_dataMaid.Rmd)
    Error: processing vignette 'extending_dataMaid.Rmd' failed with diagnostics:
    pandoc version 1.12.3 or higher is required and was not found (see the help page ?rmarkdown::pandoc_available).
    --- failed re-building ‘extending_dataMaid.Rmd’
    
    SUMMARY: processing the following file failed:
     ‘extending_dataMaid.Rmd’
    
    Error: Vignette re-building failed.
    Execution halted
Flavor: r-release-osx-x86_64

Version: 1.3.2
Check: re-building of vignette outputs
Result: WARN
    Error in re-building vignettes:
     ...
    Warning in engine$weave(file, quiet = quiet, encoding = enc) :
     Pandoc (>= 1.12.3) and/or pandoc-citeproc not available. Falling back to R Markdown v1.
    Data report generation is finished. Please wait while your output file is being rendered.
    Quitting from lines 729-768 (extending_dataMaid.Rmd)
    Error: processing vignette 'extending_dataMaid.Rmd' failed with diagnostics:
    pandoc version 1.12.3 or higher is required and was not found (see the help page ?rmarkdown::pandoc_available).
    Execution halted
Flavor: r-oldrel-osx-x86_64